CRAN Package Check Results for Package shinyaframe

Last updated on 2020-04-25 01:53:17 CEST.

Flavor Version Tinstall Tcheck Ttotal Status Flags
r-devel-linux-x86_64-debian-clang 1.0.1 2.06 21.78 23.84 OK
r-devel-linux-x86_64-debian-gcc 1.0.1 1.63 17.57 19.20 OK
r-devel-linux-x86_64-fedora-clang 1.0.1 30.32 NOTE
r-devel-linux-x86_64-fedora-gcc 1.0.1 29.63 NOTE
r-devel-windows-ix86+x86_64 1.0.1 10.00 40.00 50.00 OK
r-patched-linux-x86_64 1.0.1 2.08 21.33 23.41 OK
r-patched-osx-x86_64 1.0.1 WARN
r-patched-solaris-x86 1.0.1 43.90 NOTE
r-release-linux-x86_64 1.0.1 1.60 20.11 21.71 OK
r-release-windows-ix86+x86_64 1.0.1 10.00 38.00 48.00 OK
r-release-osx-x86_64 1.0.1 NOTE
r-oldrel-windows-ix86+x86_64 1.0.1 3.00 56.00 59.00 OK
r-oldrel-osx-x86_64 1.0.1 NOTE

Check Details

Version: 1.0.1
Check: dependencies in R code
Result: NOTE
    Namespace in Imports field not imported from: ‘shiny’
     All declared Imports should be used.
Flavors: r-devel-linux-x86_64-fedora-clang, r-devel-linux-x86_64-fedora-gcc, r-patched-osx-x86_64, r-patched-solaris-x86, r-release-osx-x86_64, r-oldrel-osx-x86_64

Version: 1.0.1
Check: re-building of vignette outputs
Result: WARN
    Error(s) in re-building vignettes:
     ...
    --- re-building ‘scatterplot3d.Rmd’ using rmarkdown
    dyld: lazy symbol binding failed: Symbol not found: ____chkstk_darwin
     Referenced from: /usr/local/bin/pandoc (which was built for Mac OS X 10.15)
     Expected in: /usr/lib/libSystem.B.dylib
    
    dyld: Symbol not found: ____chkstk_darwin
     Referenced from: /usr/local/bin/pandoc (which was built for Mac OS X 10.15)
     Expected in: /usr/lib/libSystem.B.dylib
    
    Error: processing vignette 'scatterplot3d.Rmd' failed with diagnostics:
    pandoc document conversion failed with error 6
    --- failed re-building ‘scatterplot3d.Rmd’
    
    SUMMARY: processing the following file failed:
     ‘scatterplot3d.Rmd’
    
    Error: Vignette re-building failed.
    Execution halted
Flavor: r-patched-osx-x86_64