CRAN Package Check Results for Package shinyNotes

Last updated on 2020-04-25 01:53:17 CEST.

Flavor Version Tinstall Tcheck Ttotal Status Flags
r-devel-linux-x86_64-debian-clang 0.0.1 3.86 36.95 40.81 OK
r-devel-linux-x86_64-debian-gcc 0.0.1 3.30 29.40 32.70 OK
r-devel-linux-x86_64-fedora-clang 0.0.1 53.54 OK
r-devel-linux-x86_64-fedora-gcc 0.0.1 50.32 OK
r-devel-windows-ix86+x86_64 0.0.1 23.00 59.00 82.00 OK
r-patched-linux-x86_64 0.0.1 3.75 36.36 40.11 OK
r-patched-osx-x86_64 0.0.1 WARN
r-patched-solaris-x86 0.0.1 76.90 OK
r-release-linux-x86_64 0.0.1 3.46 33.64 37.10 OK
r-release-windows-ix86+x86_64 0.0.1 17.00 54.00 71.00 OK
r-release-osx-x86_64 0.0.1 OK
r-oldrel-windows-ix86+x86_64 0.0.1 6.00 53.00 59.00 OK
r-oldrel-osx-x86_64 0.0.1 OK

Check Details

Version: 0.0.1
Check: re-building of vignette outputs
Result: WARN
    Error(s) in re-building vignettes:
     ...
    --- re-building ‘shinyNotes.Rmd’ using rmarkdown
    dyld: lazy symbol binding failed: Symbol not found: ____chkstk_darwin
     Referenced from: /usr/local/bin/pandoc (which was built for Mac OS X 10.15)
     Expected in: /usr/lib/libSystem.B.dylib
    
    dyld: Symbol not found: ____chkstk_darwin
     Referenced from: /usr/local/bin/pandoc (which was built for Mac OS X 10.15)
     Expected in: /usr/lib/libSystem.B.dylib
    
    Error: processing vignette 'shinyNotes.Rmd' failed with diagnostics:
    pandoc document conversion failed with error 6
    --- failed re-building ‘shinyNotes.Rmd’
    
    SUMMARY: processing the following file failed:
     ‘shinyNotes.Rmd’
    
    Error: Vignette re-building failed.
    Execution halted
Flavor: r-patched-osx-x86_64