CRAN Package Check Results for Package sfheaders

Last updated on 2020-04-25 01:53:17 CEST.

Flavor Version Tinstall Tcheck Ttotal Status Flags
r-devel-linux-x86_64-debian-clang 0.2.1 170.28 36.29 206.57 OK
r-devel-linux-x86_64-debian-gcc 0.2.1 123.19 28.69 151.88 OK
r-devel-linux-x86_64-fedora-clang 0.2.1 269.35 NOTE
r-devel-linux-x86_64-fedora-gcc 0.2.1 273.21 OK
r-devel-windows-ix86+x86_64 0.2.1 353.00 88.00 441.00 OK
r-patched-linux-x86_64 0.2.1 142.35 36.11 178.46 OK
r-patched-osx-x86_64 0.2.1 NOTE
r-patched-solaris-x86 0.2.1 215.20 OK
r-release-linux-x86_64 0.2.1 143.70 33.01 176.71 OK
r-release-windows-ix86+x86_64 0.2.1 354.00 76.00 430.00 OK
r-release-osx-x86_64 0.2.1 NOTE
r-oldrel-windows-ix86+x86_64 0.2.1 262.00 102.00 364.00 OK
r-oldrel-osx-x86_64 0.2.1 NOTE

Check Details

Version: 0.2.1
Check: installed package size
Result: NOTE
     installed size is 16.8Mb
     sub-directories of 1Mb or more:
     libs 15.9Mb
Flavors: r-devel-linux-x86_64-fedora-clang, r-patched-osx-x86_64, r-release-osx-x86_64, r-oldrel-osx-x86_64