CRAN Package Check Results for Package setRNG

Last updated on 2020-04-25 01:53:17 CEST.

Flavor Version Tinstall Tcheck Ttotal Status Flags
r-devel-linux-x86_64-debian-clang 2013.9-1 1.83 21.51 23.34 NOTE
r-devel-linux-x86_64-debian-gcc 2013.9-1 1.53 17.41 18.94 NOTE
r-devel-linux-x86_64-fedora-clang 2013.9-1 30.50 NOTE
r-devel-linux-x86_64-fedora-gcc 2013.9-1 29.97 NOTE
r-devel-windows-ix86+x86_64 2013.9-1 6.00 36.00 42.00 NOTE
r-patched-linux-x86_64 2013.9-1 1.83 21.02 22.85 NOTE
r-patched-osx-x86_64 2013.9-1 NOTE
r-patched-solaris-x86 2013.9-1 46.10 NOTE
r-release-linux-x86_64 2013.9-1 1.34 20.10 21.44 NOTE
r-release-windows-ix86+x86_64 2013.9-1 4.00 47.00 51.00 NOTE
r-release-osx-x86_64 2013.9-1 NOTE
r-oldrel-windows-ix86+x86_64 2013.9-1 2.00 31.00 33.00 NOTE
r-oldrel-osx-x86_64 2013.9-1 NOTE

Check Details

Version: 2013.9-1
Check: R code for possible problems
Result: NOTE
    random.number.test: no visible global function definition for 'runif'
    random.number.test: no visible global function definition for 'rnorm'
    setRNG: no visible global function definition for 'runif'
    Undefined global functions or variables:
     rnorm runif
    Consider adding
     importFrom("stats", "rnorm", "runif")
    to your NAMESPACE file.
Flavors: r-devel-linux-x86_64-debian-clang, r-devel-linux-x86_64-debian-gcc, r-devel-linux-x86_64-fedora-clang, r-devel-linux-x86_64-fedora-gcc, r-devel-windows-ix86+x86_64, r-patched-linux-x86_64, r-patched-osx-x86_64, r-patched-solaris-x86, r-release-linux-x86_64, r-release-windows-ix86+x86_64, r-release-osx-x86_64, r-oldrel-windows-ix86+x86_64, r-oldrel-osx-x86_64