CRAN Package Check Results for Package seqgendiff

Last updated on 2020-04-25 01:53:17 CEST.

Flavor Version Tinstall Tcheck Ttotal Status Flags
r-devel-linux-x86_64-debian-clang 1.2.1 3.47 195.27 198.74 OK
r-devel-linux-x86_64-debian-gcc 1.2.1 3.22 141.65 144.87 OK
r-devel-linux-x86_64-fedora-clang 1.2.1 246.64 OK
r-devel-linux-x86_64-fedora-gcc 1.2.1 250.27 OK
r-devel-windows-ix86+x86_64 1.2.1 16.00 223.00 239.00 OK
r-patched-linux-x86_64 1.2.1 3.45 192.60 196.05 OK
r-patched-osx-x86_64 1.2.1 WARN
r-patched-solaris-x86 1.2.1 259.10 NOTE
r-release-linux-x86_64 1.2.1 3.29 175.50 178.79 OK
r-release-windows-ix86+x86_64 1.2.1 11.00 188.00 199.00 OK
r-release-osx-x86_64 1.2.1 NOTE
r-oldrel-windows-ix86+x86_64 1.2.1 4.00 248.00 252.00 OK
r-oldrel-osx-x86_64 1.2.1 NOTE

Check Details

Version: 1.2.1
Check: package dependencies
Result: NOTE
    Package suggested but not available for checking: ‘airway’
Flavors: r-patched-osx-x86_64, r-patched-solaris-x86, r-release-osx-x86_64, r-oldrel-osx-x86_64

Version: 1.2.1
Check: re-building of vignette outputs
Result: WARN
    Error(s) in re-building vignettes:
    --- re-building ‘different_thinners.Rmd’ using rmarkdown
    dyld: lazy symbol binding failed: Symbol not found: ____chkstk_darwin
     Referenced from: /usr/local/bin/pandoc (which was built for Mac OS X 10.15)
     Expected in: /usr/lib/libSystem.B.dylib
    
    dyld: Symbol not found: ____chkstk_darwin
     Referenced from: /usr/local/bin/pandoc (which was built for Mac OS X 10.15)
     Expected in: /usr/lib/libSystem.B.dylib
    
    Error: processing vignette 'different_thinners.Rmd' failed with diagnostics:
    pandoc document conversion failed with error 6
    --- failed re-building ‘different_thinners.Rmd’
    
    --- re-building ‘simulate_rnaseq.Rmd’ using rmarkdown
    dyld: lazy symbol binding failed: Symbol not found: ____chkstk_darwin
     Referenced from: /usr/local/bin/pandoc (which was built for Mac OS X 10.15)
     Expected in: /usr/lib/libSystem.B.dylib
    
    dyld: Symbol not found: ____chkstk_darwin
     Referenced from: /usr/local/bin/pandoc (which was built for Mac OS X 10.15)
     Expected in: /usr/lib/libSystem.B.dylib
    
    Error: processing vignette 'simulate_rnaseq.Rmd' failed with diagnostics:
    pandoc document conversion failed with error 6
    --- failed re-building ‘simulate_rnaseq.Rmd’
    
    SUMMARY: processing the following files failed:
     ‘different_thinners.Rmd’ ‘simulate_rnaseq.Rmd’
    
    Error: Vignette re-building failed.
    Execution halted
Flavor: r-patched-osx-x86_64