CRAN Package Check Results for Package seqMeta

Last updated on 2020-04-25 01:53:17 CEST.

Flavor Version Tinstall Tcheck Ttotal Status Flags
r-devel-linux-x86_64-debian-clang 1.6.7 11.95 226.74 238.69 OK
r-devel-linux-x86_64-debian-gcc 1.6.7 10.30 169.81 180.11 OK
r-devel-linux-x86_64-fedora-clang 1.6.7 283.17 NOTE
r-devel-linux-x86_64-fedora-gcc 1.6.7 285.30 NOTE
r-devel-windows-ix86+x86_64 1.6.7 35.00 355.00 390.00 OK
r-patched-linux-x86_64 1.6.7 11.47 221.97 233.44 OK
r-patched-osx-x86_64 1.6.7 OK
r-patched-solaris-x86 1.6.7 402.70 OK
r-release-linux-x86_64 1.6.7 9.84 197.19 207.03 OK
r-release-windows-ix86+x86_64 1.6.7 31.00 294.00 325.00 OK
r-release-osx-x86_64 1.6.7 OK
r-oldrel-windows-ix86+x86_64 1.6.7 16.00 394.00 410.00 OK
r-oldrel-osx-x86_64 1.6.7 WARN

Check Details

Version: 1.6.7
Check: compiled code
Result: NOTE
    File ‘seqMeta/libs/seqMeta.so’:
     Found no calls to: ‘R_registerRoutines’, ‘R_useDynamicSymbols’
    
    It is good practice to register native routines and to disable symbol
    search.
    
    See ‘Writing portable packages’ in the ‘Writing R Extensions’ manual.
Flavors: r-devel-linux-x86_64-fedora-clang, r-devel-linux-x86_64-fedora-gcc

Version: 1.6.7
Check: examples
Result: WARN
    Found the following significant warnings:
    
     Warning: 'rBind' is deprecated.
    Deprecated functions may be defunct as soon as of the next release of
    R.
    See ?Deprecated.
Flavor: r-oldrel-osx-x86_64