CRAN Package Check Results for Package seqHMM

Last updated on 2020-04-25 01:53:17 CEST.

Flavor Version Tinstall Tcheck Ttotal Status Flags
r-devel-linux-x86_64-debian-clang 1.0.14 448.88 431.20 880.08 OK
r-devel-linux-x86_64-debian-gcc 1.0.14 297.08 314.30 611.38 OK
r-devel-linux-x86_64-fedora-clang 1.0.14 1189.38 NOTE
r-devel-linux-x86_64-fedora-gcc 1.0.14 1120.52 OK
r-devel-windows-ix86+x86_64 1.0.14 1215.00 476.00 1691.00 NOTE
r-patched-linux-x86_64 1.0.14 339.95 428.66 768.61 OK
r-patched-osx-x86_64 1.0.14 NOTE
r-patched-solaris-x86 1.0.14 1056.60 NOTE
r-release-linux-x86_64 1.0.14 281.90 416.47 698.37 OK
r-release-windows-ix86+x86_64 1.0.14 981.00 705.00 1686.00 NOTE
r-release-osx-x86_64 1.0.14 NOTE
r-oldrel-windows-ix86+x86_64 1.0.14 731.00 660.00 1391.00 NOTE
r-oldrel-osx-x86_64 1.0.14 NOTE

Check Details

Version: 1.0.14
Check: installed package size
Result: NOTE
     installed size is 22.6Mb
     sub-directories of 1Mb or more:
     doc 6.1Mb
     libs 15.7Mb
Flavors: r-devel-linux-x86_64-fedora-clang, r-devel-windows-ix86+x86_64, r-patched-osx-x86_64, r-patched-solaris-x86, r-release-windows-ix86+x86_64, r-release-osx-x86_64, r-oldrel-windows-ix86+x86_64, r-oldrel-osx-x86_64