CRAN Package Check Results for Package sentometrics

Last updated on 2020-04-25 01:53:17 CEST.

Flavor Version Tinstall Tcheck Ttotal Status Flags
r-devel-linux-x86_64-debian-clang 0.8.1 97.92 274.67 372.59 NOTE
r-devel-linux-x86_64-debian-gcc 0.8.1 65.76 240.61 306.37 NOTE
r-devel-linux-x86_64-fedora-clang 0.8.1 438.91 NOTE
r-devel-linux-x86_64-fedora-gcc 0.8.1 407.72 NOTE
r-devel-windows-ix86+x86_64 0.8.1 269.00 435.00 704.00 NOTE
r-patched-linux-x86_64 0.8.1 82.33 257.56 339.89 NOTE
r-patched-osx-x86_64 0.8.1 NOTE
r-patched-solaris-x86 0.8.1 501.90 NOTE
r-release-linux-x86_64 0.8.1 82.66 232.00 314.66 NOTE
r-release-windows-ix86+x86_64 0.8.1 238.00 381.00 619.00 NOTE
r-release-osx-x86_64 0.8.1 NOTE
r-oldrel-windows-ix86+x86_64 0.8.1 145.00 493.00 638.00 NOTE
r-oldrel-osx-x86_64 0.8.1 NOTE

Check Details

Version: 0.8.1
Check: for GNU extensions in Makefiles
Result: NOTE
    GNU make is a SystemRequirements.
Flavors: r-devel-linux-x86_64-debian-clang, r-devel-linux-x86_64-debian-gcc, r-devel-linux-x86_64-fedora-clang, r-devel-linux-x86_64-fedora-gcc, r-devel-windows-ix86+x86_64, r-patched-linux-x86_64, r-patched-osx-x86_64, r-patched-solaris-x86, r-release-linux-x86_64, r-release-windows-ix86+x86_64, r-release-osx-x86_64, r-oldrel-windows-ix86+x86_64, r-oldrel-osx-x86_64

Version: 0.8.1
Check: installed package size
Result: NOTE
     installed size is 8.5Mb
     sub-directories of 1Mb or more:
     data 2.3Mb
     libs 5.3Mb
Flavors: r-devel-linux-x86_64-fedora-clang, r-devel-windows-ix86+x86_64, r-patched-osx-x86_64, r-release-windows-ix86+x86_64, r-release-osx-x86_64, r-oldrel-windows-ix86+x86_64, r-oldrel-osx-x86_64

Version: 0.8.1
Check: data for non-ASCII characters
Result: NOTE
     Note: found 4436 marked UTF-8 strings
Flavors: r-devel-linux-x86_64-fedora-clang, r-devel-linux-x86_64-fedora-gcc, r-patched-osx-x86_64, r-patched-solaris-x86, r-release-osx-x86_64, r-oldrel-osx-x86_64