CRAN Package Check Results for Package semdrw

Last updated on 2020-04-25 01:53:17 CEST.

Flavor Version Tinstall Tcheck Ttotal Status Flags
r-devel-linux-x86_64-debian-clang 0.1.0 2.22 17.44 19.66 OK
r-devel-linux-x86_64-debian-gcc 0.1.0 1.87 14.23 16.10 OK
r-devel-linux-x86_64-fedora-clang 0.1.0 25.06 NOTE
r-devel-linux-x86_64-fedora-gcc 0.1.0 23.76 NOTE
r-devel-windows-ix86+x86_64 0.1.0 23.00 37.00 60.00 OK
r-patched-linux-x86_64 0.1.0 2.00 17.28 19.28 OK
r-patched-osx-x86_64 0.1.0 NOTE
r-patched-solaris-x86 0.1.0 38.00 NOTE
r-release-linux-x86_64 0.1.0 1.46 16.96 18.42 OK
r-release-windows-ix86+x86_64 0.1.0 15.00 28.00 43.00 OK
r-release-osx-x86_64 0.1.0 NOTE
r-oldrel-windows-ix86+x86_64 0.1.0 4.00 43.00 47.00 OK
r-oldrel-osx-x86_64 0.1.0 NOTE

Check Details

Version: 0.1.0
Check: dependencies in R code
Result: NOTE
    Namespaces in Imports field not imported from:
     ‘dplyr’ ‘lavaan’ ‘psych’ ‘semPlot’ ‘semTools’ ‘shinyAce’
     All declared Imports should be used.
Flavors: r-devel-linux-x86_64-fedora-clang, r-devel-linux-x86_64-fedora-gcc, r-patched-osx-x86_64, r-patched-solaris-x86, r-release-osx-x86_64, r-oldrel-osx-x86_64