CRAN Package Check Results for Package seedwater

Last updated on 2020-04-25 01:53:17 CEST.

Flavor Version Tinstall Tcheck Ttotal Status Flags
r-devel-linux-x86_64-debian-clang 1.0 3.54 26.18 29.72 OK
r-devel-linux-x86_64-debian-gcc 1.0 2.91 21.50 24.41 OK
r-devel-linux-x86_64-fedora-clang 1.0 38.85 OK
r-devel-linux-x86_64-fedora-gcc 1.0 37.94 OK
r-devel-windows-ix86+x86_64 1.0 14.00 79.00 93.00 OK
r-patched-linux-x86_64 1.0 3.73 26.70 30.43 OK
r-patched-osx-x86_64 1.0 ERROR
r-patched-solaris-x86 1.0 57.00 OK
r-release-linux-x86_64 1.0 3.08 25.34 28.42 OK
r-release-windows-ix86+x86_64 1.0 16.00 60.00 76.00 OK
r-release-osx-x86_64 1.0 ERROR
r-oldrel-windows-ix86+x86_64 1.0 7.00 77.00 84.00 OK
r-oldrel-osx-x86_64 1.0 ERROR

Check Details

Version: 1.0
Check: package dependencies
Result: ERROR
    Package required but not available: ‘rpanel’
    
    See section ‘The DESCRIPTION file’ in the ‘Writing R Extensions’
    manual.
Flavors: r-patched-osx-x86_64, r-release-osx-x86_64, r-oldrel-osx-x86_64