CRAN Package Check Results for Package secr

Last updated on 2020-04-25 01:53:17 CEST.

Flavor Version Tinstall Tcheck Ttotal Status Flags
r-devel-linux-x86_64-debian-clang 4.2.2 310.56 293.86 604.42 NOTE
r-devel-linux-x86_64-debian-gcc 4.2.2 222.28 228.05 450.33 NOTE
r-devel-linux-x86_64-fedora-clang 4.2.2 799.42 NOTE
r-devel-linux-x86_64-fedora-gcc 4.2.2 781.57 NOTE
r-devel-windows-ix86+x86_64 4.2.2 790.00 554.00 1344.00 NOTE
r-patched-linux-x86_64 4.2.2 266.98 295.60 562.58 NOTE
r-patched-osx-x86_64 4.2.2 NOTE
r-patched-solaris-x86 4.2.2 810.00 NOTE
r-release-linux-x86_64 4.2.2 260.27 264.28 524.55 NOTE
r-release-windows-ix86+x86_64 4.2.2 714.00 374.00 1088.00 NOTE
r-release-osx-x86_64 4.2.2 NOTE
r-oldrel-windows-ix86+x86_64 4.2.2 524.00 359.00 883.00 NOTE
r-oldrel-osx-x86_64 4.2.0 NOTE

Check Details

Version: 4.2.2
Check: for GNU extensions in Makefiles
Result: NOTE
    GNU make is a SystemRequirements.
Flavors: r-devel-linux-x86_64-debian-clang, r-devel-linux-x86_64-debian-gcc, r-devel-linux-x86_64-fedora-clang, r-devel-linux-x86_64-fedora-gcc, r-devel-windows-ix86+x86_64, r-patched-linux-x86_64, r-patched-osx-x86_64, r-patched-solaris-x86, r-release-linux-x86_64, r-release-windows-ix86+x86_64, r-release-osx-x86_64, r-oldrel-windows-ix86+x86_64

Version: 4.2.2
Check: installed package size
Result: NOTE
     installed size is 20.7Mb
     sub-directories of 1Mb or more:
     R 1.4Mb
     libs 17.6Mb
Flavors: r-devel-linux-x86_64-fedora-clang, r-devel-windows-ix86+x86_64, r-patched-osx-x86_64, r-release-windows-ix86+x86_64, r-release-osx-x86_64, r-oldrel-windows-ix86+x86_64

Version: 4.2.0
Check: installed package size
Result: NOTE
     installed size is 14.6Mb
     sub-directories of 1Mb or more:
     R 1.4Mb
     libs 11.5Mb
Flavor: r-oldrel-osx-x86_64

Version: 4.2.0
Check: for GNU extensions in Makefiles
Result: NOTE
    GNU make is a SystemRequirements.
Flavor: r-oldrel-osx-x86_64