Last updated on 2020-04-25 01:53:17 CEST.
Flavor | Version | Tinstall | Tcheck | Ttotal | Status | Flags |
---|---|---|---|---|---|---|
r-devel-linux-x86_64-debian-clang | 5.5.1 | 72.99 | 227.49 | 300.48 | OK | |
r-devel-linux-x86_64-debian-gcc | 5.5.1 | 48.64 | 275.51 | 324.15 | OK | |
r-devel-linux-x86_64-fedora-clang | 5.5.1 | 331.51 | NOTE | |||
r-devel-linux-x86_64-fedora-gcc | 5.5.1 | 320.57 | OK | |||
r-devel-windows-ix86+x86_64 | 5.5.1 | 187.00 | 387.00 | 574.00 | NOTE | |
r-patched-linux-x86_64 | 5.5.1 | 58.48 | 243.13 | 301.61 | OK | |
r-patched-osx-x86_64 | 5.5.1 | WARN | ||||
r-patched-solaris-x86 | 5.5.1 | 335.50 | OK | |||
r-release-linux-x86_64 | 5.5.1 | 52.95 | 229.14 | 282.09 | OK | |
r-release-windows-ix86+x86_64 | 5.5.1 | 170.00 | 243.00 | 413.00 | OK | |
r-release-osx-x86_64 | 5.5.1 | OK | ||||
r-oldrel-windows-ix86+x86_64 | 5.5.1 | 95.00 | 319.00 | 414.00 | OK | |
r-oldrel-osx-x86_64 | 5.5.1 | OK |
Version: 5.5.1
Check: installed package size
Result: NOTE
installed size is 5.2Mb
sub-directories of 1Mb or more:
libs 2.2Mb
Flavors: r-devel-linux-x86_64-fedora-clang, r-devel-windows-ix86+x86_64
Version: 5.5.1
Check: re-building of vignette outputs
Result: WARN
Error(s) in re-building vignettes:
...
--- re-building ‘sdcMicro.Rmd’ using rmarkdown
dyld: lazy symbol binding failed: Symbol not found: ____chkstk_darwin
Referenced from: /usr/local/bin/pandoc (which was built for Mac OS X 10.15)
Expected in: /usr/lib/libSystem.B.dylib
dyld: Symbol not found: ____chkstk_darwin
Referenced from: /usr/local/bin/pandoc (which was built for Mac OS X 10.15)
Expected in: /usr/lib/libSystem.B.dylib
Error: processing vignette 'sdcMicro.Rmd' failed with diagnostics:
pandoc document conversion failed with error 6
--- failed re-building ‘sdcMicro.Rmd’
--- re-building ‘sdc_guidelines.rnw’ using knitr
--- finished re-building ‘sdc_guidelines.rnw’
SUMMARY: processing the following file failed:
‘sdcMicro.Rmd’
Error: Vignette re-building failed.
Execution halted
Flavor: r-patched-osx-x86_64