CRAN Package Check Results for Package sdStaf

Last updated on 2020-04-25 01:53:17 CEST.

Flavor Version Tinstall Tcheck Ttotal Status Flags
r-devel-linux-x86_64-debian-clang 1.0.2 13.45 118.41 131.86 OK
r-devel-linux-x86_64-debian-gcc 1.0.2 11.53 91.15 102.68 OK
r-devel-linux-x86_64-fedora-clang 1.0.2 159.20 NOTE
r-devel-linux-x86_64-fedora-gcc 1.0.2 159.04 NOTE
r-devel-windows-ix86+x86_64 1.0.2 42.00 181.00 223.00 OK
r-patched-linux-x86_64 1.0.2 11.13 112.23 123.36 OK
r-patched-osx-x86_64 1.0.2 WARN
r-patched-solaris-x86 1.0.2 224.60 NOTE
r-release-linux-x86_64 1.0.2 11.24 101.26 112.50 OK
r-release-windows-ix86+x86_64 1.0.2 30.00 108.00 138.00 OK
r-release-osx-x86_64 1.0.2 NOTE
r-oldrel-windows-ix86+x86_64 1.0.2 13.00 109.00 122.00 OK
r-oldrel-osx-x86_64 1.0.2 NOTE

Check Details

Version: 1.0.2
Check: dependencies in R code
Result: NOTE
    Namespaces in Imports field not imported from:
     ‘rgdal’ ‘rgeos’ ‘tidyr’
     All declared Imports should be used.
Flavors: r-devel-linux-x86_64-fedora-clang, r-devel-linux-x86_64-fedora-gcc, r-patched-osx-x86_64, r-patched-solaris-x86, r-release-osx-x86_64, r-oldrel-osx-x86_64

Version: 1.0.2
Check: re-building of vignette outputs
Result: WARN
    Error(s) in re-building vignettes:
    --- re-building ‘reduce.Rmd’ using rmarkdown
    dyld: lazy symbol binding failed: Symbol not found: ____chkstk_darwin
     Referenced from: /usr/local/bin/pandoc (which was built for Mac OS X 10.15)
     Expected in: /usr/lib/libSystem.B.dylib
    
    dyld: Symbol not found: ____chkstk_darwin
     Referenced from: /usr/local/bin/pandoc (which was built for Mac OS X 10.15)
     Expected in: /usr/lib/libSystem.B.dylib
    
    Error: processing vignette 'reduce.Rmd' failed with diagnostics:
    pandoc document conversion failed with error 6
    --- failed re-building ‘reduce.Rmd’
    
    --- re-building ‘stability.Rmd’ using rmarkdown
    dyld: lazy symbol binding failed: Symbol not found: ____chkstk_darwin
     Referenced from: /usr/local/bin/pandoc (which was built for Mac OS X 10.15)
     Expected in: /usr/lib/libSystem.B.dylib
    
    dyld: Symbol not found: ____chkstk_darwin
     Referenced from: /usr/local/bin/pandoc (which was built for Mac OS X 10.15)
     Expected in: /usr/lib/libSystem.B.dylib
    
    Error: processing vignette 'stability.Rmd' failed with diagnostics:
    pandoc document conversion failed with error 6
    --- failed re-building ‘stability.Rmd’
    
    SUMMARY: processing the following files failed:
     ‘reduce.Rmd’ ‘stability.Rmd’
    
    Error: Vignette re-building failed.
    Execution halted
Flavor: r-patched-osx-x86_64