CRAN Package Check Results for Package scgwr

Last updated on 2020-04-25 01:53:17 CEST.

Flavor Version Tinstall Tcheck Ttotal Status Flags
r-devel-linux-x86_64-debian-clang 0.1.0 4.19 41.48 45.67 OK
r-devel-linux-x86_64-debian-gcc 0.1.0 3.36 31.24 34.60 OK
r-devel-linux-x86_64-fedora-clang 0.1.0 56.53 NOTE
r-devel-linux-x86_64-fedora-gcc 0.1.0 55.10 NOTE
r-devel-windows-ix86+x86_64 0.1.0 18.00 80.00 98.00 OK
r-patched-linux-x86_64 0.1.0 4.25 39.30 43.55 OK
r-patched-osx-x86_64 0.1.0 NOTE
r-patched-solaris-x86 0.1.0 81.20 NOTE
r-release-linux-x86_64 0.1.0 3.13 36.40 39.53 OK
r-release-windows-ix86+x86_64 0.1.0 15.00 49.00 64.00 OK
r-release-osx-x86_64 0.1.0 NOTE
r-oldrel-windows-ix86+x86_64 0.1.0 6.00 77.00 83.00 OK
r-oldrel-osx-x86_64 0.1.0 NOTE

Check Details

Version: 0.1.0
Check: dependencies in R code
Result: NOTE
    Namespace in Imports field not imported from: ‘spData’
     All declared Imports should be used.
Flavors: r-devel-linux-x86_64-fedora-clang, r-devel-linux-x86_64-fedora-gcc, r-patched-osx-x86_64, r-patched-solaris-x86, r-release-osx-x86_64, r-oldrel-osx-x86_64