CRAN Package Check Results for Package scRNAtools

Last updated on 2020-04-25 01:53:17 CEST.

Flavor Version Tinstall Tcheck Ttotal Status Flags
r-devel-linux-x86_64-debian-clang 1.0 17.58 145.30 162.88 NOTE
r-devel-linux-x86_64-debian-gcc 1.0 14.28 111.00 125.28 NOTE
r-devel-linux-x86_64-fedora-clang 1.0 195.10 NOTE
r-devel-linux-x86_64-fedora-gcc 1.0 195.31 NOTE
r-devel-windows-ix86+x86_64 1.0 78.00 225.00 303.00 OK
r-patched-linux-x86_64 1.0 15.27 139.26 154.53 NOTE
r-patched-osx-x86_64 1.0 ERROR
r-patched-solaris-x86 1.0 280.70 NOTE
r-release-linux-x86_64 1.0 12.08 128.04 140.12 OK
r-release-windows-ix86+x86_64 1.0 66.00 133.00 199.00 OK
r-release-osx-x86_64 1.0 ERROR
r-oldrel-windows-ix86+x86_64 1.0 21.00 222.00 243.00 OK
r-oldrel-osx-x86_64 1.0 ERROR

Check Details

Version: 1.0
Check: for non-standard things in the check directory
Result: NOTE
    Found the following files/directories:
     'untitled_consensus_cluster'
Flavors: r-devel-linux-x86_64-debian-clang, r-devel-linux-x86_64-debian-gcc, r-devel-linux-x86_64-fedora-clang, r-devel-linux-x86_64-fedora-gcc, r-patched-linux-x86_64, r-patched-solaris-x86

Version: 1.0
Check: package dependencies
Result: ERROR
    Packages required but not available: 'ALL', 'ConsensusClusterPlus'
    
    See section ‘The DESCRIPTION file’ in the ‘Writing R Extensions’
    manual.
Flavors: r-patched-osx-x86_64, r-release-osx-x86_64

Version: 1.0
Check: package dependencies
Result: ERROR
    Package required but not available: ‘ConsensusClusterPlus’
    
    See section ‘The DESCRIPTION file’ in the ‘Writing R Extensions’
    manual.
Flavor: r-oldrel-osx-x86_64