CRAN Package Check Results for Package sas7bdat

Last updated on 2020-04-25 01:53:17 CEST.

Flavor Version Tinstall Tcheck Ttotal Status Flags
r-devel-linux-x86_64-debian-clang 0.5 2.59 27.67 30.26 NOTE
r-devel-linux-x86_64-debian-gcc 0.5 2.05 23.05 25.10 NOTE
r-devel-linux-x86_64-fedora-clang 0.5 40.14 NOTE
r-devel-linux-x86_64-fedora-gcc 0.5 39.41 NOTE
r-devel-windows-ix86+x86_64 0.5 8.00 60.00 68.00 NOTE
r-patched-linux-x86_64 0.5 2.61 28.49 31.10 NOTE
r-patched-osx-x86_64 0.5 NOTE
r-patched-solaris-x86 0.5 54.60 NOTE
r-release-linux-x86_64 0.5 2.08 26.21 28.29 NOTE
r-release-windows-ix86+x86_64 0.5 5.00 58.00 63.00 NOTE
r-release-osx-x86_64 0.5 NOTE
r-oldrel-windows-ix86+x86_64 0.5 3.00 38.00 41.00 NOTE
r-oldrel-osx-x86_64 0.5 NOTE

Check Details

Version: 0.5
Check: R code for possible problems
Result: NOTE
    download.sas7bdat.sources : <anonymous>: no visible global function
     definition for 'download.file'
    generate.sas7bdat.source: no visible global function definition for
     'download.file'
    Undefined global functions or variables:
     download.file
    Consider adding
     importFrom("utils", "download.file")
    to your NAMESPACE file.
Flavors: r-devel-linux-x86_64-debian-clang, r-devel-linux-x86_64-debian-gcc, r-devel-linux-x86_64-fedora-clang, r-devel-linux-x86_64-fedora-gcc, r-devel-windows-ix86+x86_64, r-patched-linux-x86_64, r-patched-osx-x86_64, r-patched-solaris-x86, r-release-linux-x86_64, r-release-windows-ix86+x86_64, r-release-osx-x86_64, r-oldrel-windows-ix86+x86_64, r-oldrel-osx-x86_64