CRAN Package Check Results for Package samc

Last updated on 2020-04-25 01:53:16 CEST.

Flavor Version Tinstall Tcheck Ttotal Status Flags
r-devel-linux-x86_64-debian-clang 1.0.4 129.04 222.69 351.73 OK
r-devel-linux-x86_64-debian-gcc 1.0.4 96.09 177.18 273.27 OK
r-devel-linux-x86_64-fedora-clang 1.0.4 453.62 NOTE
r-devel-linux-x86_64-fedora-gcc 1.0.4 449.28 NOTE
r-devel-windows-ix86+x86_64 1.0.4 292.00 287.00 579.00 NOTE
r-patched-linux-x86_64 1.0.4 109.72 220.37 330.09 OK
r-patched-osx-x86_64 1.0.4 WARN
r-patched-solaris-x86 1.0.4 444.40 NOTE
r-release-linux-x86_64 1.0.4 119.47 205.77 325.24 OK
r-release-windows-ix86+x86_64 1.0.4 244.00 239.00 483.00 OK
r-release-osx-x86_64 1.0.4 NOTE
r-oldrel-windows-ix86+x86_64 1.0.4 168.00 339.00 507.00 OK
r-oldrel-osx-x86_64 1.0.4 NOTE

Check Details

Version: 1.0.4
Check: installed package size
Result: NOTE
     installed size is 16.4Mb
     sub-directories of 1Mb or more:
     doc 2.5Mb
     libs 13.2Mb
Flavors: r-devel-linux-x86_64-fedora-clang, r-devel-windows-ix86+x86_64, r-patched-osx-x86_64, r-release-osx-x86_64, r-oldrel-osx-x86_64

Version: 1.0.4
Check: dependencies in R code
Result: NOTE
    Namespaces in Imports field not imported from:
     ‘gdistance’ ‘methods’
     All declared Imports should be used.
Flavors: r-devel-linux-x86_64-fedora-clang, r-devel-linux-x86_64-fedora-gcc, r-patched-osx-x86_64, r-patched-solaris-x86, r-release-osx-x86_64, r-oldrel-osx-x86_64

Version: 1.0.4
Check: re-building of vignette outputs
Result: WARN
    Error(s) in re-building vignettes:
    --- re-building ‘overview.Rmd’ using rmarkdown
    dyld: lazy symbol binding failed: Symbol not found: ____chkstk_darwin
     Referenced from: /usr/local/bin/pandoc (which was built for Mac OS X 10.15)
     Expected in: /usr/lib/libSystem.B.dylib
    
    dyld: Symbol not found: ____chkstk_darwin
     Referenced from: /usr/local/bin/pandoc (which was built for Mac OS X 10.15)
     Expected in: /usr/lib/libSystem.B.dylib
    
    Error: processing vignette 'overview.Rmd' failed with diagnostics:
    pandoc document conversion failed with error 6
    --- failed re-building ‘overview.Rmd’
    
    --- re-building ‘performance.Rmd’ using rmarkdown
    dyld: lazy symbol binding failed: Symbol not found: ____chkstk_darwin
     Referenced from: /usr/local/bin/pandoc (which was built for Mac OS X 10.15)
     Expected in: /usr/lib/libSystem.B.dylib
    
    dyld: Symbol not found: ____chkstk_darwin
     Referenced from: /usr/local/bin/pandoc (which was built for Mac OS X 10.15)
     Expected in: /usr/lib/libSystem.B.dylib
    
    Error: processing vignette 'performance.Rmd' failed with diagnostics:
    pandoc document conversion failed with error 6
    --- failed re-building ‘performance.Rmd’
    
    --- re-building ‘troubleshooting.Rmd’ using rmarkdown
    dyld: lazy symbol binding failed: Symbol not found: ____chkstk_darwin
     Referenced from: /usr/local/bin/pandoc (which was built for Mac OS X 10.15)
     Expected in: /usr/lib/libSystem.B.dylib
    
    dyld: Symbol not found: ____chkstk_darwin
     Referenced from: /usr/local/bin/pandoc (which was built for Mac OS X 10.15)
     Expected in: /usr/lib/libSystem.B.dylib
    
    Error: processing vignette 'troubleshooting.Rmd' failed with diagnostics:
    pandoc document conversion failed with error 6
    --- failed re-building ‘troubleshooting.Rmd’
    
    --- re-building ‘tutorial-animations.Rmd’ using rmarkdown
    Loading required package: sp
    Loading required package: viridisLite
    
    Attaching package: 'gganimate'
    
    The following object is masked from 'package:raster':
    
     animate
    
    dyld: lazy symbol binding failed: Symbol not found: ____chkstk_darwin
     Referenced from: /usr/local/bin/pandoc (which was built for Mac OS X 10.15)
     Expected in: /usr/lib/libSystem.B.dylib
    
    dyld: Symbol not found: ____chkstk_darwin
     Referenced from: /usr/local/bin/pandoc (which was built for Mac OS X 10.15)
     Expected in: /usr/lib/libSystem.B.dylib
    
    Error: processing vignette 'tutorial-animations.Rmd' failed with diagnostics:
    pandoc document conversion failed with error 6
    --- failed re-building ‘tutorial-animations.Rmd’
    
    --- re-building ‘tutorial-basic.Rmd’ using rmarkdown
    Loading required package: sp
    Loading required package: viridisLite
    dyld: lazy symbol binding failed: Symbol not found: ____chkstk_darwin
     Referenced from: /usr/local/bin/pandoc (which was built for Mac OS X 10.15)
     Expected in: /usr/lib/libSystem.B.dylib
    
    dyld: Symbol not found: ____chkstk_darwin
     Referenced from: /usr/local/bin/pandoc (which was built for Mac OS X 10.15)
     Expected in: /usr/lib/libSystem.B.dylib
    
    Error: processing vignette 'tutorial-basic.Rmd' failed with diagnostics:
    pandoc document conversion failed with error 6
    --- failed re-building ‘tutorial-basic.Rmd’
    
    --- re-building ‘tutorial-ggplot.Rmd’ using rmarkdown
    Loading required package: sp
    Loading required package: viridisLite
    dyld: lazy symbol binding failed: Symbol not found: ____chkstk_darwin
     Referenced from: /usr/local/bin/pandoc (which was built for Mac OS X 10.15)
     Expected in: /usr/lib/libSystem.B.dylib
    
    dyld: Symbol not found: ____chkstk_darwin
     Referenced from: /usr/local/bin/pandoc (which was built for Mac OS X 10.15)
     Expected in: /usr/lib/libSystem.B.dylib
    
    Error: processing vignette 'tutorial-ggplot.Rmd' failed with diagnostics:
    pandoc document conversion failed with error 6
    --- failed re-building ‘tutorial-ggplot.Rmd’
    
    --- re-building ‘tutorial-temporal.Rmd’ using rmarkdown
    Loading required package: sp
    Loading required package: viridisLite
    dyld: lazy symbol binding failed: Symbol not found: ____chkstk_darwin
     Referenced from: /usr/local/bin/pandoc (which was built for Mac OS X 10.15)
     Expected in: /usr/lib/libSystem.B.dylib
    
    dyld: Symbol not found: ____chkstk_darwin
     Referenced from: /usr/local/bin/pandoc (which was built for Mac OS X 10.15)
     Expected in: /usr/lib/libSystem.B.dylib
    
    Error: processing vignette 'tutorial-temporal.Rmd' failed with diagnostics:
    pandoc document conversion failed with error 6
    --- failed re-building ‘tutorial-temporal.Rmd’
    
    SUMMARY: processing the following files failed:
     ‘overview.Rmd’ ‘performance.Rmd’ ‘troubleshooting.Rmd’
     ‘tutorial-animations.Rmd’ ‘tutorial-basic.Rmd’ ‘tutorial-ggplot.Rmd’
     ‘tutorial-temporal.Rmd’
    
    Error: Vignette re-building failed.
    Execution halted
Flavor: r-patched-osx-x86_64

Version: 1.0.4
Check: package dependencies
Result: NOTE
    Package suggested but not available for checking: ‘gifski’
Flavor: r-patched-solaris-x86