CRAN Package Check Results for Package ruler

Last updated on 2020-04-25 01:53:16 CEST.

Flavor Version Tinstall Tcheck Ttotal Status Flags
r-devel-linux-x86_64-debian-clang 0.2.2 4.44 61.39 65.83 OK
r-devel-linux-x86_64-debian-gcc 0.2.2 3.85 48.27 52.12 OK
r-devel-linux-x86_64-fedora-clang 0.2.2 80.96 OK
r-devel-linux-x86_64-fedora-gcc 0.2.2 82.01 OK
r-devel-windows-ix86+x86_64 0.2.2 25.00 73.00 98.00 OK
r-patched-linux-x86_64 0.2.2 4.56 60.19 64.75 OK
r-patched-osx-x86_64 0.2.2 WARN
r-patched-solaris-x86 0.2.2 107.90 OK
r-release-linux-x86_64 0.2.2 4.81 54.60 59.41 OK
r-release-windows-ix86+x86_64 0.2.2 19.00 105.00 124.00 OK
r-release-osx-x86_64 0.2.2 OK
r-oldrel-windows-ix86+x86_64 0.2.2 7.00 70.00 77.00 OK
r-oldrel-osx-x86_64 0.2.2 OK

Check Details

Version: 0.2.2
Check: re-building of vignette outputs
Result: WARN
    Error(s) in re-building vignettes:
    --- re-building ‘design-and-format.Rmd’ using rmarkdown
    dyld: lazy symbol binding failed: Symbol not found: ____chkstk_darwin
     Referenced from: /usr/local/bin/pandoc (which was built for Mac OS X 10.15)
     Expected in: /usr/lib/libSystem.B.dylib
    
    dyld: Symbol not found: ____chkstk_darwin
     Referenced from: /usr/local/bin/pandoc (which was built for Mac OS X 10.15)
     Expected in: /usr/lib/libSystem.B.dylib
    
    Error: processing vignette 'design-and-format.Rmd' failed with diagnostics:
    pandoc document conversion failed with error 6
    --- failed re-building ‘design-and-format.Rmd’
    
    --- re-building ‘rule-packs.Rmd’ using rmarkdown
    dyld: lazy symbol binding failed: Symbol not found: ____chkstk_darwin
     Referenced from: /usr/local/bin/pandoc (which was built for Mac OS X 10.15)
     Expected in: /usr/lib/libSystem.B.dylib
    
    dyld: Symbol not found: ____chkstk_darwin
     Referenced from: /usr/local/bin/pandoc (which was built for Mac OS X 10.15)
     Expected in: /usr/lib/libSystem.B.dylib
    
    Error: processing vignette 'rule-packs.Rmd' failed with diagnostics:
    pandoc document conversion failed with error 6
    --- failed re-building ‘rule-packs.Rmd’
    
    --- re-building ‘validation.Rmd’ using rmarkdown
    dyld: lazy symbol binding failed: Symbol not found: ____chkstk_darwin
     Referenced from: /usr/local/bin/pandoc (which was built for Mac OS X 10.15)
     Expected in: /usr/lib/libSystem.B.dylib
    
    dyld: Symbol not found: ____chkstk_darwin
     Referenced from: /usr/local/bin/pandoc (which was built for Mac OS X 10.15)
     Expected in: /usr/lib/libSystem.B.dylib
    
    Error: processing vignette 'validation.Rmd' failed with diagnostics:
    pandoc document conversion failed with error 6
    --- failed re-building ‘validation.Rmd’
    
    SUMMARY: processing the following files failed:
     ‘design-and-format.Rmd’ ‘rule-packs.Rmd’ ‘validation.Rmd’
    
    Error: Vignette re-building failed.
    Execution halted
Flavor: r-patched-osx-x86_64