Last updated on 2020-04-25 01:53:16 CEST.
Flavor | Version | Tinstall | Tcheck | Ttotal | Status | Flags |
---|---|---|---|---|---|---|
r-devel-linux-x86_64-debian-clang | 0.1.2 | 2.87 | 26.85 | 29.72 | OK | |
r-devel-linux-x86_64-debian-gcc | 0.1.2 | 2.56 | 21.06 | 23.62 | OK | |
r-devel-linux-x86_64-fedora-clang | 0.1.2 | 37.03 | NOTE | |||
r-devel-linux-x86_64-fedora-gcc | 0.1.2 | 35.82 | NOTE | |||
r-devel-windows-ix86+x86_64 | 0.1.2 | 18.00 | 38.00 | 56.00 | OK | |
r-patched-linux-x86_64 | 0.1.2 | 3.03 | 26.83 | 29.86 | OK | |
r-patched-osx-x86_64 | 0.1.2 | OK | ||||
r-patched-solaris-x86 | 0.1.2 | 54.00 | NOTE | |||
r-release-linux-x86_64 | 0.1.2 | 2.64 | 24.69 | 27.33 | OK | |
r-release-windows-ix86+x86_64 | 0.1.2 | 9.00 | 38.00 | 47.00 | OK | |
r-release-osx-x86_64 | 0.1.2 | OK | ||||
r-oldrel-windows-ix86+x86_64 | 0.1.2 | 4.00 | 52.00 | 56.00 | OK | |
r-oldrel-osx-x86_64 | 0.1.2 | OK |
Version: 0.1.2
Check: package dependencies
Result: NOTE
Package suggested but not available for checking: ‘RQuantLib’
Flavors: r-devel-linux-x86_64-fedora-clang, r-devel-linux-x86_64-fedora-gcc, r-patched-solaris-x86