Last updated on 2020-04-25 01:53:16 CEST.
Flavor | Version | Tinstall | Tcheck | Ttotal | Status | Flags |
---|---|---|---|---|---|---|
r-devel-linux-x86_64-debian-clang | 0.4.0 | 1.95 | 18.05 | 20.00 | OK | |
r-devel-linux-x86_64-debian-gcc | 0.4.0 | 1.68 | 14.31 | 15.99 | OK | |
r-devel-linux-x86_64-fedora-clang | 0.4.0 | 25.48 | NOTE | |||
r-devel-linux-x86_64-fedora-gcc | 0.4.0 | 24.79 | NOTE | |||
r-devel-windows-ix86+x86_64 | 0.4.0 | 13.00 | 30.00 | 43.00 | OK | |
r-patched-linux-x86_64 | 0.4.0 | 1.73 | 17.59 | 19.32 | OK | |
r-patched-osx-x86_64 | 0.4.0 | NOTE | ||||
r-patched-solaris-x86 | 0.4.0 | 37.90 | NOTE | |||
r-release-linux-x86_64 | 0.4.0 | 1.54 | 16.63 | 18.17 | OK | |
r-release-windows-ix86+x86_64 | 0.4.0 | 8.00 | 27.00 | 35.00 | OK | |
r-release-osx-x86_64 | 0.4.0 | NOTE | ||||
r-oldrel-windows-ix86+x86_64 | 0.4.0 | 3.00 | 42.00 | 45.00 | OK | |
r-oldrel-osx-x86_64 | 0.4.0 | NOTE |
Version: 0.4.0
Check: dependencies in R code
Result: NOTE
Namespaces in Imports field not imported from:
‘DT’ ‘bookdown’ ‘ggplot2’ ‘knitr’ ‘rmarkdown’ ‘xfun’
All declared Imports should be used.
Flavors: r-devel-linux-x86_64-fedora-clang, r-devel-linux-x86_64-fedora-gcc, r-patched-osx-x86_64, r-patched-solaris-x86, r-release-osx-x86_64, r-oldrel-osx-x86_64