CRAN Package Check Results for Package rsvg

Last updated on 2020-04-25 01:53:16 CEST.

Flavor Version Tinstall Tcheck Ttotal Status Flags
r-devel-linux-x86_64-debian-clang 1.3 3.12 24.23 27.35 NOTE
r-devel-linux-x86_64-debian-gcc 1.3 2.13 19.23 21.36 NOTE
r-devel-linux-x86_64-fedora-clang 1.3 35.96 NOTE
r-devel-linux-x86_64-fedora-gcc 1.3 33.83 NOTE
r-devel-windows-ix86+x86_64 1.3 35.00 99.00 134.00 NOTE
r-patched-linux-x86_64 1.3 2.83 23.56 26.39 NOTE
r-patched-osx-x86_64 1.3 NOTE
r-release-linux-x86_64 1.3 2.22 22.75 24.97 OK
r-release-windows-ix86+x86_64 1.3 47.00 137.00 184.00 NOTE
r-release-osx-x86_64 1.3 NOTE
r-oldrel-windows-ix86+x86_64 1.3 28.00 139.00 167.00 NOTE
r-oldrel-osx-x86_64 1.3 NOTE

Check Details

Version: 1.3
Check: for non-standard things in the check directory
Result: NOTE
    Found the following files/directories:
     'bitmap.jpg' 'bitmap.png' 'bitmap.webp' 'out.pdf' 'out.png' 'out.ps'
     'out.svg'
Flavors: r-devel-linux-x86_64-debian-clang, r-devel-linux-x86_64-debian-gcc, r-devel-linux-x86_64-fedora-clang, r-devel-linux-x86_64-fedora-gcc, r-patched-linux-x86_64

Version: 1.3
Check: top-level files
Result: NOTE
    ‘configure’: /bin/bash is not portable
Flavors: r-devel-linux-x86_64-fedora-clang, r-devel-linux-x86_64-fedora-gcc

Version: 1.3
Check: installed package size
Result: NOTE
     installed size is 17.5Mb
     sub-directories of 1Mb or more:
     libs 17.4Mb
Flavors: r-devel-windows-ix86+x86_64, r-patched-osx-x86_64, r-release-windows-ix86+x86_64, r-release-osx-x86_64, r-oldrel-windows-ix86+x86_64, r-oldrel-osx-x86_64