CRAN Package Check Results for Package rscala

Last updated on 2020-04-25 01:53:16 CEST.

Flavor Version Tinstall Tcheck Ttotal Status Flags
r-devel-linux-x86_64-debian-clang 3.2.19 19.49 141.60 161.09 OK
r-devel-linux-x86_64-debian-gcc 3.2.19 19.20 109.41 128.61 OK
r-devel-linux-x86_64-fedora-clang 3.2.19 192.23 OK
r-devel-linux-x86_64-fedora-gcc 3.2.19 188.99 OK
r-devel-windows-ix86+x86_64 3.2.19 13.00 56.00 69.00 OK
r-patched-linux-x86_64 3.2.19 19.53 141.44 160.97 OK
r-patched-osx-x86_64 3.2.19 NOTE
r-release-linux-x86_64 3.2.19 16.97 138.32 155.29 OK
r-release-windows-ix86+x86_64 3.2.19 19.00 59.00 78.00 OK
r-release-osx-x86_64 3.2.19 NOTE
r-oldrel-windows-ix86+x86_64 3.2.19 13.00 73.00 86.00 OK
r-oldrel-osx-x86_64 3.2.18 NOTE

Check Details

Version: 3.2.19
Check: installed package size
Result: NOTE
     installed size is 21.4Mb
     sub-directories of 1Mb or more:
     dependencies 20.2Mb
Flavors: r-patched-osx-x86_64, r-release-osx-x86_64

Version: 3.2.18
Check: installed package size
Result: NOTE
     installed size is 21.4Mb
     sub-directories of 1Mb or more:
     dependencies 20.2Mb
Flavor: r-oldrel-osx-x86_64