CRAN Package Check Results for Package rotl

Last updated on 2020-04-25 01:53:16 CEST.

Flavor Version Tinstall Tcheck Ttotal Status Flags
r-devel-linux-x86_64-debian-clang 3.0.10 8.53 69.20 77.73 OK
r-devel-linux-x86_64-debian-gcc 3.0.10 5.29 54.67 59.96 OK
r-devel-linux-x86_64-fedora-clang 3.0.10 94.14 OK
r-devel-linux-x86_64-fedora-gcc 3.0.10 94.72 OK
r-devel-windows-ix86+x86_64 3.0.10 23.00 117.00 140.00 OK
r-patched-linux-x86_64 3.0.10 7.19 68.51 75.70 OK
r-patched-osx-x86_64 3.0.10 WARN
r-patched-solaris-x86 3.0.10 129.20 OK
r-release-linux-x86_64 3.0.10 6.84 62.79 69.63 OK
r-release-windows-ix86+x86_64 3.0.10 26.00 120.00 146.00 OK
r-release-osx-x86_64 3.0.10 OK
r-oldrel-windows-ix86+x86_64 3.0.10 9.00 150.00 159.00 OK
r-oldrel-osx-x86_64 3.0.10 OK

Check Details

Version: 3.0.10
Check: re-building of vignette outputs
Result: WARN
    Error(s) in re-building vignettes:
    --- re-building ‘data_mashups.Rmd’ using rmarkdown
    dyld: lazy symbol binding failed: Symbol not found: ____chkstk_darwin
     Referenced from: /usr/local/bin/pandoc (which was built for Mac OS X 10.15)
     Expected in: /usr/lib/libSystem.B.dylib
    
    dyld: Symbol not found: ____chkstk_darwin
     Referenced from: /usr/local/bin/pandoc (which was built for Mac OS X 10.15)
     Expected in: /usr/lib/libSystem.B.dylib
    
    Error: processing vignette 'data_mashups.Rmd' failed with diagnostics:
    pandoc document conversion failed with error 6
    --- failed re-building ‘data_mashups.Rmd’
    
    --- re-building ‘meta-analysis.Rmd’ using rmarkdown
    dyld: lazy symbol binding failed: Symbol not found: ____chkstk_darwin
     Referenced from: /usr/local/bin/pandoc (which was built for Mac OS X 10.15)
     Expected in: /usr/lib/libSystem.B.dylib
    
    dyld: Symbol not found: ____chkstk_darwin
     Referenced from: /usr/local/bin/pandoc (which was built for Mac OS X 10.15)
     Expected in: /usr/lib/libSystem.B.dylib
    
    Error: processing vignette 'meta-analysis.Rmd' failed with diagnostics:
    pandoc document conversion failed with error 6
    --- failed re-building ‘meta-analysis.Rmd’
    
    --- re-building ‘rotl.Rmd’ using rmarkdown
    dyld: lazy symbol binding failed: Symbol not found: ____chkstk_darwin
     Referenced from: /usr/local/bin/pandoc (which was built for Mac OS X 10.15)
     Expected in: /usr/lib/libSystem.B.dylib
    
    dyld: Symbol not found: ____chkstk_darwin
     Referenced from: /usr/local/bin/pandoc (which was built for Mac OS X 10.15)
     Expected in: /usr/lib/libSystem.B.dylib
    
    Error: processing vignette 'rotl.Rmd' failed with diagnostics:
    pandoc document conversion failed with error 6
    --- failed re-building ‘rotl.Rmd’
    
    SUMMARY: processing the following files failed:
     ‘data_mashups.Rmd’ ‘meta-analysis.Rmd’ ‘rotl.Rmd’
    
    Error: Vignette re-building failed.
    Execution halted
Flavor: r-patched-osx-x86_64