CRAN Package Check Results for Package ropercenter

Last updated on 2020-04-25 01:53:16 CEST.

Flavor Version Tinstall Tcheck Ttotal Status Flags
r-devel-linux-x86_64-debian-clang 0.2.0 4.99 40.76 45.75 OK
r-devel-linux-x86_64-debian-gcc 0.2.0 4.04 31.67 35.71 OK
r-devel-linux-x86_64-fedora-clang 0.2.0 59.04 OK
r-devel-linux-x86_64-fedora-gcc 0.2.0 56.08 OK
r-devel-windows-ix86+x86_64 0.2.0 31.00 58.00 89.00 OK
r-patched-linux-x86_64 0.2.0 5.47 39.74 45.21 OK
r-patched-osx-x86_64 0.2.0 WARN
r-patched-solaris-x86 0.2.0 84.40 OK
r-release-linux-x86_64 0.2.0 4.54 36.09 40.63 OK
r-release-windows-ix86+x86_64 0.2.0 22.00 88.00 110.00 OK
r-release-osx-x86_64 0.2.0 OK
r-oldrel-windows-ix86+x86_64 0.2.0 7.00 54.00 61.00 OK
r-oldrel-osx-x86_64 0.2.0 OK

Check Details

Version: 0.2.0
Check: re-building of vignette outputs
Result: WARN
    Error(s) in re-building vignettes:
     ...
    --- re-building ‘ropercenter-vignette.Rmd’ using rmarkdown
    dyld: lazy symbol binding failed: Symbol not found: ____chkstk_darwin
     Referenced from: /usr/local/bin/pandoc (which was built for Mac OS X 10.15)
     Expected in: /usr/lib/libSystem.B.dylib
    
    dyld: Symbol not found: ____chkstk_darwin
     Referenced from: /usr/local/bin/pandoc (which was built for Mac OS X 10.15)
     Expected in: /usr/lib/libSystem.B.dylib
    
    Error: processing vignette 'ropercenter-vignette.Rmd' failed with diagnostics:
    pandoc document conversion failed with error 6
    --- failed re-building ‘ropercenter-vignette.Rmd’
    
    SUMMARY: processing the following file failed:
     ‘ropercenter-vignette.Rmd’
    
    Error: Vignette re-building failed.
    Execution halted
Flavor: r-patched-osx-x86_64