CRAN Package Check Results for Package roll

Last updated on 2020-04-25 01:53:16 CEST.

Flavor Version Tinstall Tcheck Ttotal Status Flags
r-devel-linux-x86_64-debian-clang 1.1.4 54.73 28.00 82.73 NOTE
r-devel-linux-x86_64-debian-gcc 1.1.4 51.15 22.21 73.36 NOTE
r-devel-linux-x86_64-fedora-clang 1.1.4 122.86 NOTE
r-devel-linux-x86_64-fedora-gcc 1.1.4 125.85 NOTE
r-devel-windows-ix86+x86_64 1.1.4 139.00 68.00 207.00 NOTE
r-patched-linux-x86_64 1.1.4 53.62 27.40 81.02 NOTE
r-patched-osx-x86_64 1.1.4 NOTE
r-patched-solaris-x86 1.1.4 114.80 NOTE
r-release-linux-x86_64 1.1.4 52.14 25.29 77.43 NOTE
r-release-windows-ix86+x86_64 1.1.4 130.00 58.00 188.00 NOTE
r-release-osx-x86_64 1.1.4 NOTE
r-oldrel-windows-ix86+x86_64 1.1.4 94.00 77.00 171.00 NOTE
r-oldrel-osx-x86_64 1.1.4 NOTE

Check Details

Version: 1.1.4
Check: for GNU extensions in Makefiles
Result: NOTE
    GNU make is a SystemRequirements.
Flavors: r-devel-linux-x86_64-debian-clang, r-devel-linux-x86_64-debian-gcc, r-devel-linux-x86_64-fedora-clang, r-devel-linux-x86_64-fedora-gcc, r-devel-windows-ix86+x86_64, r-patched-linux-x86_64, r-patched-osx-x86_64, r-patched-solaris-x86, r-release-linux-x86_64, r-release-windows-ix86+x86_64, r-release-osx-x86_64, r-oldrel-windows-ix86+x86_64, r-oldrel-osx-x86_64

Version: 1.1.4
Check: installed package size
Result: NOTE
     installed size is 6.8Mb
     sub-directories of 1Mb or more:
     libs 6.7Mb
Flavors: r-devel-linux-x86_64-fedora-clang, r-patched-osx-x86_64, r-release-osx-x86_64, r-oldrel-osx-x86_64