CRAN Package Check Results for Package robvis

Last updated on 2020-04-25 01:53:16 CEST.

Flavor Version Tinstall Tcheck Ttotal Status Flags
r-devel-linux-x86_64-debian-clang 0.3.0 4.22 75.36 79.58 OK
r-devel-linux-x86_64-debian-gcc 0.3.0 2.79 57.32 60.11 OK
r-devel-linux-x86_64-fedora-clang 0.3.0 92.06 OK
r-devel-linux-x86_64-fedora-gcc 0.3.0 93.65 OK
r-devel-windows-ix86+x86_64 0.3.0 12.00 79.00 91.00 OK
r-patched-linux-x86_64 0.3.0 4.14 71.67 75.81 OK
r-patched-osx-x86_64 0.3.0 WARN
r-patched-solaris-x86 0.3.0 110.00 OK
r-release-linux-x86_64 0.3.0 2.81 70.29 73.10 OK
r-release-windows-ix86+x86_64 0.3.0 11.00 75.00 86.00 OK
r-release-osx-x86_64 0.3.0 OK
r-oldrel-windows-ix86+x86_64 0.3.0 5.00 110.00 115.00 OK
r-oldrel-osx-x86_64 0.3.0 OK

Check Details

Version: 0.3.0
Check: re-building of vignette outputs
Result: WARN
    Error(s) in re-building vignettes:
     ...
    --- re-building ‘Introduction_to_robvis.Rmd’ using rmarkdown
    dyld: lazy symbol binding failed: Symbol not found: ____chkstk_darwin
     Referenced from: /usr/local/bin/pandoc (which was built for Mac OS X 10.15)
     Expected in: /usr/lib/libSystem.B.dylib
    
    dyld: Symbol not found: ____chkstk_darwin
     Referenced from: /usr/local/bin/pandoc (which was built for Mac OS X 10.15)
     Expected in: /usr/lib/libSystem.B.dylib
    
    Error: processing vignette 'Introduction_to_robvis.Rmd' failed with diagnostics:
    pandoc document conversion failed with error 6
    --- failed re-building ‘Introduction_to_robvis.Rmd’
    
    SUMMARY: processing the following file failed:
     ‘Introduction_to_robvis.Rmd’
    
    Error: Vignette re-building failed.
    Execution halted
Flavor: r-patched-osx-x86_64