Last updated on 2020-04-25 01:53:16 CEST.
Flavor | Version | Tinstall | Tcheck | Ttotal | Status | Flags |
---|---|---|---|---|---|---|
r-devel-linux-x86_64-debian-clang | 2.3 | 243.64 | 306.99 | 550.63 | OK | |
r-devel-linux-x86_64-debian-gcc | 2.3 | 175.36 | 234.13 | 409.49 | OK | |
r-devel-linux-x86_64-fedora-clang | 2.3 | 716.58 | NOTE | |||
r-devel-linux-x86_64-fedora-gcc | 2.3 | 741.79 | OK | |||
r-devel-windows-ix86+x86_64 | 2.3 | 584.00 | 458.00 | 1042.00 | NOTE | |
r-patched-linux-x86_64 | 2.3 | 203.36 | 300.39 | 503.75 | OK | |
r-patched-osx-x86_64 | 2.3 | NOTE | ||||
r-patched-solaris-x86 | 2.3 | 696.10 | OK | |||
r-release-linux-x86_64 | 2.3 | 200.58 | 262.04 | 462.62 | OK | |
r-release-windows-ix86+x86_64 | 2.3 | 526.00 | 416.00 | 942.00 | OK | |
r-release-osx-x86_64 | 2.3 | NOTE | ||||
r-oldrel-windows-ix86+x86_64 | 2.3 | 378.00 | 558.00 | 936.00 | OK | |
r-oldrel-osx-x86_64 | 2.3 | NOTE |
Version: 2.3
Check: installed package size
Result: NOTE
installed size is 34.8Mb
sub-directories of 1Mb or more:
libs 33.7Mb
Flavors: r-devel-linux-x86_64-fedora-clang, r-devel-windows-ix86+x86_64, r-patched-osx-x86_64, r-release-osx-x86_64, r-oldrel-osx-x86_64