CRAN Package Check Results for Package rnbp

Last updated on 2020-04-25 01:53:15 CEST.

Flavor Version Tinstall Tcheck Ttotal Status Flags
r-devel-linux-x86_64-debian-clang 0.1.0 2.35 25.82 28.17 OK
r-devel-linux-x86_64-debian-gcc 0.1.0 1.99 20.61 22.60 OK
r-devel-linux-x86_64-fedora-clang 0.1.0 36.15 OK
r-devel-linux-x86_64-fedora-gcc 0.1.0 43.60 OK
r-devel-windows-ix86+x86_64 0.1.0 12.00 38.00 50.00 OK
r-patched-linux-x86_64 0.1.0 2.09 25.31 27.40 OK
r-patched-osx-x86_64 0.1.0 WARN
r-patched-solaris-x86 0.1.0 51.00 OK
r-release-linux-x86_64 0.1.0 1.76 24.24 26.00 OK
r-release-windows-ix86+x86_64 0.1.0 8.00 40.00 48.00 OK
r-release-osx-x86_64 0.1.0 OK
r-oldrel-windows-ix86+x86_64 0.1.0 3.00 56.00 59.00 OK
r-oldrel-osx-x86_64 0.1.0 OK

Check Details

Version: 0.1.0
Check: re-building of vignette outputs
Result: WARN
    Error(s) in re-building vignettes:
     ...
    --- re-building ‘rnbp.Rmd’ using rmarkdown
    dyld: lazy symbol binding failed: Symbol not found: ____chkstk_darwin
     Referenced from: /usr/local/bin/pandoc (which was built for Mac OS X 10.15)
     Expected in: /usr/lib/libSystem.B.dylib
    
    dyld: Symbol not found: ____chkstk_darwin
     Referenced from: /usr/local/bin/pandoc (which was built for Mac OS X 10.15)
     Expected in: /usr/lib/libSystem.B.dylib
    
    Error: processing vignette 'rnbp.Rmd' failed with diagnostics:
    pandoc document conversion failed with error 6
    --- failed re-building ‘rnbp.Rmd’
    
    SUMMARY: processing the following file failed:
     ‘rnbp.Rmd’
    
    Error: Vignette re-building failed.
    Execution halted
Flavor: r-patched-osx-x86_64