CRAN Package Check Results for Package rnassqs

Last updated on 2020-04-25 01:53:15 CEST.

Flavor Version Tinstall Tcheck Ttotal Status Flags
r-devel-linux-x86_64-debian-clang 0.5.0 2.22 25.39 27.61 OK
r-devel-linux-x86_64-debian-gcc 0.5.0 2.06 20.38 22.44 OK
r-devel-linux-x86_64-fedora-clang 0.5.0 35.04 OK
r-devel-linux-x86_64-fedora-gcc 0.5.0 34.40 OK
r-devel-windows-ix86+x86_64 0.5.0 10.00 36.00 46.00 OK
r-patched-linux-x86_64 0.5.0 2.51 24.98 27.49 OK
r-patched-osx-x86_64 0.5.0 WARN
r-patched-solaris-x86 0.5.0 50.40 OK
r-release-linux-x86_64 0.5.0 1.93 23.68 25.61 OK
r-release-windows-ix86+x86_64 0.5.0 8.00 40.00 48.00 OK
r-release-osx-x86_64 0.5.0 OK
r-oldrel-windows-ix86+x86_64 0.5.0 4.00 53.00 57.00 OK
r-oldrel-osx-x86_64 0.5.0 OK

Check Details

Version: 0.5.0
Check: re-building of vignette outputs
Result: WARN
    Error(s) in re-building vignettes:
     ...
    --- re-building ‘rnassqs.Rmd’ using rmarkdown
    dyld: lazy symbol binding failed: Symbol not found: ____chkstk_darwin
     Referenced from: /usr/local/bin/pandoc (which was built for Mac OS X 10.15)
     Expected in: /usr/lib/libSystem.B.dylib
    
    dyld: Symbol not found: ____chkstk_darwin
     Referenced from: /usr/local/bin/pandoc (which was built for Mac OS X 10.15)
     Expected in: /usr/lib/libSystem.B.dylib
    
    Error: processing vignette 'rnassqs.Rmd' failed with diagnostics:
    pandoc document conversion failed with error 6
    --- failed re-building ‘rnassqs.Rmd’
    
    SUMMARY: processing the following file failed:
     ‘rnassqs.Rmd’
    
    Error: Vignette re-building failed.
    Execution halted
Flavor: r-patched-osx-x86_64