Last updated on 2020-04-25 01:53:15 CEST.
Flavor | Version | Tinstall | Tcheck | Ttotal | Status | Flags |
---|---|---|---|---|---|---|
r-devel-linux-x86_64-debian-clang | 5.2.1-12 | 234.89 | 59.49 | 294.38 | NOTE | |
r-devel-linux-x86_64-debian-gcc | 5.2.1-12 | 178.10 | 42.65 | 220.75 | NOTE | |
r-devel-linux-x86_64-fedora-clang | 5.2.1-12 | 425.47 | NOTE | |||
r-devel-linux-x86_64-fedora-gcc | 5.2.1-12 | 401.41 | WARN | |||
r-devel-windows-ix86+x86_64 | 5.2.1-12 | 724.00 | 112.00 | 836.00 | NOTE | |
r-patched-linux-x86_64 | 5.2.1-12 | 200.01 | 53.62 | 253.63 | NOTE | |
r-patched-osx-x86_64 | 5.2.1-12 | NOTE | ||||
r-patched-solaris-x86 | 5.2.1-12 | 359.10 | NOTE | |||
r-release-linux-x86_64 | 5.2.1-12 | 201.88 | 50.49 | 252.37 | NOTE | |
r-release-windows-ix86+x86_64 | 5.2.1-12 | 861.00 | 113.00 | 974.00 | NOTE | |
r-release-osx-x86_64 | 5.2.1-12 | NOTE | ||||
r-oldrel-windows-ix86+x86_64 | 5.2.1-12 | 626.00 | 148.00 | 774.00 | NOTE | |
r-oldrel-osx-x86_64 | 5.2.1-12 | NOTE |
Version: 5.2.1-12
Check: for GNU extensions in Makefiles
Result: NOTE
GNU make is a SystemRequirements.
Flavors: r-devel-linux-x86_64-debian-clang, r-devel-linux-x86_64-debian-gcc, r-devel-linux-x86_64-fedora-clang, r-devel-linux-x86_64-fedora-gcc, r-devel-windows-ix86+x86_64, r-patched-linux-x86_64, r-patched-osx-x86_64, r-patched-solaris-x86, r-release-linux-x86_64, r-release-windows-ix86+x86_64, r-release-osx-x86_64, r-oldrel-windows-ix86+x86_64, r-oldrel-osx-x86_64
Version: 5.2.1-12
Check: installed package size
Result: NOTE
installed size is 13.3Mb
sub-directories of 1Mb or more:
libs 13.0Mb
Flavors: r-devel-linux-x86_64-fedora-clang, r-devel-windows-ix86+x86_64, r-patched-osx-x86_64, r-release-windows-ix86+x86_64, r-release-osx-x86_64, r-oldrel-windows-ix86+x86_64, r-oldrel-osx-x86_64
Version: 5.2.1-12
Check: whether package can be installed
Result: WARN
Found the following significant warnings:
graph_io_chac.c:106:7: warning: ignoring return value of ‘fscanf’, declared with attribute warn_unused_result [-Wunused-result]
graph_io_chac.c:179:9: warning: ignoring return value of ‘fscanf’, declared with attribute warn_unused_result [-Wunused-result]
graph_io_chac.c:208:7: warning: ignoring return value of ‘fscanf’, declared with attribute warn_unused_result [-Wunused-result]
Flavor: r-devel-linux-x86_64-fedora-gcc