CRAN Package Check Results for Package rmdfiltr

Last updated on 2020-04-25 01:53:15 CEST.

Flavor Version Tinstall Tcheck Ttotal Status Flags
r-devel-linux-x86_64-debian-clang 0.1.2 1.98 26.95 28.93 OK
r-devel-linux-x86_64-debian-gcc 0.1.2 1.68 21.98 23.66 OK
r-devel-linux-x86_64-fedora-clang 0.1.2 36.97 OK
r-devel-linux-x86_64-fedora-gcc 0.1.2 36.56 OK
r-devel-windows-ix86+x86_64 0.1.2 7.00 42.00 49.00 OK
r-patched-linux-x86_64 0.1.2 1.94 26.74 28.68 OK
r-patched-osx-x86_64 0.1.2 WARN
r-patched-solaris-x86 0.1.2 54.20 OK
r-release-linux-x86_64 0.1.2 1.53 25.80 27.33 OK
r-release-windows-ix86+x86_64 0.1.2 6.00 64.00 70.00 OK
r-release-osx-x86_64 0.1.2 OK
r-oldrel-windows-ix86+x86_64 0.1.2 3.00 38.00 41.00 OK
r-oldrel-osx-x86_64 0.1.2 OK

Check Details

Version: 0.1.2
Check: re-building of vignette outputs
Result: WARN
    Error(s) in re-building vignettes:
    --- re-building ‘replace_ampersands.Rmd’ using rmarkdown
    dyld: lazy symbol binding failed: Symbol not found: ____chkstk_darwin
     Referenced from: /usr/local/bin/pandoc (which was built for Mac OS X 10.15)
     Expected in: /usr/lib/libSystem.B.dylib
    
    dyld: Symbol not found: ____chkstk_darwin
     Referenced from: /usr/local/bin/pandoc (which was built for Mac OS X 10.15)
     Expected in: /usr/lib/libSystem.B.dylib
    
    Error: processing vignette 'replace_ampersands.Rmd' failed with diagnostics:
    pandoc document conversion failed with error 6
    --- failed re-building ‘replace_ampersands.Rmd’
    
    --- re-building ‘wordcount.Rmd’ using rmarkdown
    Warning: Removed 2 rows containing missing values (position_stack).
    Warning: Removed 2 rows containing missing values (geom_text).
    Warning: Removed 2 rows containing missing values (geom_text).
    dyld: lazy symbol binding failed: Symbol not found: ____chkstk_darwin
     Referenced from: /usr/local/bin/pandoc (which was built for Mac OS X 10.15)
     Expected in: /usr/lib/libSystem.B.dylib
    
    dyld: Symbol not found: ____chkstk_darwin
     Referenced from: /usr/local/bin/pandoc (which was built for Mac OS X 10.15)
     Expected in: /usr/lib/libSystem.B.dylib
    
    Error: processing vignette 'wordcount.Rmd' failed with diagnostics:
    pandoc document conversion failed with error 6
    --- failed re-building ‘wordcount.Rmd’
    
    SUMMARY: processing the following files failed:
     ‘replace_ampersands.Rmd’ ‘wordcount.Rmd’
    
    Error: Vignette re-building failed.
    Execution halted
Flavor: r-patched-osx-x86_64