CRAN Package Check Results for Package rmd

Last updated on 2020-04-25 01:53:15 CEST.

Flavor Version Tinstall Tcheck Ttotal Status Flags
r-devel-linux-x86_64-debian-clang 0.1.5 4.72 40.94 45.66 OK
r-devel-linux-x86_64-debian-gcc 0.1.5 3.97 32.56 36.53 OK
r-devel-linux-x86_64-fedora-clang 0.1.5 56.37 NOTE
r-devel-linux-x86_64-fedora-gcc 0.1.5 54.65 NOTE
r-devel-windows-ix86+x86_64 0.1.5 31.00 54.00 85.00 OK
r-patched-linux-x86_64 0.1.5 4.27 40.51 44.78 OK
r-patched-osx-x86_64 0.1.5 NOTE
r-patched-solaris-x86 0.1.5 90.40 NOTE
r-release-linux-x86_64 0.1.5 3.87 38.12 41.99 OK
r-release-windows-ix86+x86_64 0.1.5 21.00 97.00 118.00 OK
r-release-osx-x86_64 0.1.5 NOTE
r-oldrel-windows-ix86+x86_64 0.1.5 8.00 54.00 62.00 OK
r-oldrel-osx-x86_64 0.1.5 NOTE

Check Details

Version: 0.1.5
Check: package dependencies
Result: NOTE
    Imports includes 26 non-default packages.
    Importing from so many packages makes the package vulnerable to any of
    them becoming unavailable. Move as many as possible to Suggests and
    use conditionally.
Flavor: r-devel-linux-x86_64-fedora-clang

Version: 0.1.5
Check: dependencies in R code
Result: NOTE
    Namespaces in Imports field not imported from:
     ‘blogdown’ ‘bookdown’ ‘bookdownplus’ ‘citr’ ‘pagedown’ ‘rticles’
     ‘tinytex’ ‘xaringan’
     All declared Imports should be used.
Flavors: r-devel-linux-x86_64-fedora-clang, r-devel-linux-x86_64-fedora-gcc, r-patched-osx-x86_64, r-patched-solaris-x86, r-release-osx-x86_64, r-oldrel-osx-x86_64