CRAN Package Check Results for Package rly

Last updated on 2020-04-25 01:53:15 CEST.

Flavor Version Tinstall Tcheck Ttotal Status Flags
r-devel-linux-x86_64-debian-clang 1.6.2 16.46 41.91 58.37 NOTE
r-devel-linux-x86_64-debian-gcc 1.6.2 11.59 32.83 44.42 NOTE
r-devel-linux-x86_64-fedora-clang 1.6.2 68.44 NOTE
r-devel-linux-x86_64-fedora-gcc 1.6.2 69.39 NOTE
r-devel-windows-ix86+x86_64 1.6.2 37.00 73.00 110.00 OK
r-patched-linux-x86_64 1.6.2 12.72 41.18 53.90 NOTE
r-patched-osx-x86_64 1.6.2 OK
r-patched-solaris-x86 1.6.2 89.60 NOTE
r-release-linux-x86_64 1.6.2 11.96 38.37 50.33 OK
r-release-windows-ix86+x86_64 1.6.2 33.00 72.00 105.00 OK
r-release-osx-x86_64 1.6.2 OK
r-oldrel-windows-ix86+x86_64 1.6.2 20.00 104.00 124.00 OK
r-oldrel-osx-x86_64 1.6.2 OK

Check Details

Version: 1.6.2
Check: for non-standard things in the check directory
Result: NOTE
    Found the following files/directories:
     'file.out'
Flavors: r-devel-linux-x86_64-debian-clang, r-devel-linux-x86_64-debian-gcc, r-devel-linux-x86_64-fedora-clang, r-devel-linux-x86_64-fedora-gcc, r-patched-linux-x86_64, r-patched-solaris-x86