Last updated on 2020-04-25 01:53:15 CEST.
Flavor | Version | Tinstall | Tcheck | Ttotal | Status | Flags |
---|---|---|---|---|---|---|
r-devel-linux-x86_64-debian-clang | 0.1 | 17.84 | 22.26 | 40.10 | OK | |
r-devel-linux-x86_64-debian-gcc | 0.1 | 11.24 | 17.68 | 28.92 | OK | |
r-devel-linux-x86_64-fedora-clang | 0.1 | 56.61 | NOTE | |||
r-devel-linux-x86_64-fedora-gcc | 0.1 | 50.96 | NOTE | |||
r-devel-windows-ix86+x86_64 | 0.1 | 49.00 | 62.00 | 111.00 | OK | |
r-patched-linux-x86_64 | 0.1 | 14.65 | 22.03 | 36.68 | OK | |
r-patched-osx-x86_64 | 0.1 | OK | ||||
r-patched-solaris-x86 | 0.1 | 62.80 | OK | |||
r-release-linux-x86_64 | 0.1 | 14.99 | 20.70 | 35.69 | OK | |
r-release-windows-ix86+x86_64 | 0.1 | 46.00 | 50.00 | 96.00 | OK | |
r-release-osx-x86_64 | 0.1 | OK | ||||
r-oldrel-windows-ix86+x86_64 | 0.1 | 27.00 | 60.00 | 87.00 | OK | |
r-oldrel-osx-x86_64 | 0.1 | OK |
Version: 0.1
Check: compiled code
Result: NOTE
File ‘rkvo/libs/rkvo.so’:
Found no calls to: ‘R_registerRoutines’, ‘R_useDynamicSymbols’
It is good practice to register native routines and to disable symbol
search.
See ‘Writing portable packages’ in the ‘Writing R Extensions’ manual.
Flavors: r-devel-linux-x86_64-fedora-clang, r-devel-linux-x86_64-fedora-gcc