CRAN Package Check Results for Package rkafkajars

Last updated on 2020-04-25 01:53:15 CEST.

Flavor Version Tinstall Tcheck Ttotal Status Flags
r-devel-linux-x86_64-debian-clang 1.1 7.11 45.95 53.06 OK
r-devel-linux-x86_64-debian-gcc 1.1 5.79 36.80 42.59 OK
r-devel-linux-x86_64-fedora-clang 1.1 66.27 NOTE
r-devel-linux-x86_64-fedora-gcc 1.1 68.33 OK
r-devel-windows-ix86+x86_64 1.1 19.00 51.00 70.00 NOTE
r-patched-linux-x86_64 1.1 6.85 45.60 52.45 OK
r-patched-osx-x86_64 1.1 NOTE
r-patched-solaris-x86 1.1 83.80 NOTE
r-release-linux-x86_64 1.1 5.98 43.07 49.05 OK
r-release-windows-ix86+x86_64 1.1 12.00 46.00 58.00 NOTE
r-release-osx-x86_64 1.1 NOTE
r-oldrel-windows-ix86+x86_64 1.1 10.00 61.00 71.00 NOTE
r-oldrel-osx-x86_64 1.1 NOTE

Check Details

Version: 1.1
Check: installed package size
Result: NOTE
     installed size is 12.2Mb
     sub-directories of 1Mb or more:
     java 12.0Mb
Flavors: r-devel-linux-x86_64-fedora-clang, r-devel-windows-ix86+x86_64, r-patched-osx-x86_64, r-patched-solaris-x86, r-release-windows-ix86+x86_64, r-release-osx-x86_64, r-oldrel-windows-ix86+x86_64, r-oldrel-osx-x86_64