CRAN Package Check Results for Package rjags

Last updated on 2020-04-25 01:53:15 CEST.

Flavor Version Tinstall Tcheck Ttotal Status Flags
r-devel-linux-x86_64-debian-clang 4-10 11.04 27.71 38.75 OK
r-devel-linux-x86_64-debian-gcc 4-10 7.20 21.78 28.98 OK
r-devel-linux-x86_64-fedora-clang 4-10 48.32 OK
r-devel-linux-x86_64-fedora-gcc 4-10 44.81 OK
r-devel-windows-ix86+x86_64 4-10 25.00 60.00 85.00 OK
r-patched-linux-x86_64 4-10 8.49 27.81 36.30 OK
r-patched-osx-x86_64 4-10 OK
r-patched-solaris-x86 4-10 66.30 OK
r-release-linux-x86_64 4-10 7.62 25.54 33.16 OK
r-release-windows-ix86+x86_64 4-10 32.00 53.00 85.00 OK
r-release-osx-x86_64 4-10 NOTE
r-oldrel-windows-ix86+x86_64 4-10 15.00 69.00 84.00 OK
r-oldrel-osx-x86_64 4-10 NOTE

Check Details

Version: 4-10
Check: dependencies in R code
Result: NOTE
    No protocol specified
    No protocol specified
Flavors: r-release-osx-x86_64, r-oldrel-osx-x86_64