CRAN Package Check Results for Package rgl

Last updated on 2020-04-25 01:53:15 CEST.

Flavor Version Tinstall Tcheck Ttotal Status Flags
r-devel-linux-x86_64-debian-clang 0.100.54 65.77 177.40 243.17 OK
r-devel-linux-x86_64-debian-gcc 0.100.54 45.99 135.27 181.26 OK
r-devel-linux-x86_64-fedora-clang 0.100.54 317.87 NOTE
r-devel-linux-x86_64-fedora-gcc 0.100.54 297.82 OK
r-devel-windows-ix86+x86_64 0.100.54 356.00 218.00 574.00 NOTE
r-patched-linux-x86_64 0.100.54 56.91 178.69 235.60 OK
r-patched-osx-x86_64 0.100.54 NOTE
r-patched-solaris-x86 0.100.54 304.20 WARN
r-release-linux-x86_64 0.100.54 54.78 168.21 222.99 OK
r-release-windows-ix86+x86_64 0.100.54 334.00 220.00 554.00 NOTE
r-release-osx-x86_64 0.100.54 WARN
r-oldrel-windows-ix86+x86_64 0.100.54 236.00 274.00 510.00 NOTE
r-oldrel-osx-x86_64 0.100.50 WARN

Check Details

Version: 0.100.54
Check: installed package size
Result: NOTE
     installed size is 9.9Mb
     sub-directories of 1Mb or more:
     doc 3.6Mb
     fonts 1.5Mb
     libs 2.7Mb
Flavors: r-devel-linux-x86_64-fedora-clang, r-devel-windows-ix86+x86_64, r-patched-osx-x86_64, r-patched-solaris-x86, r-release-windows-ix86+x86_64, r-release-osx-x86_64, r-oldrel-windows-ix86+x86_64

Version: 0.100.54
Check: re-building of vignette outputs
Result: WARN
    Error(s) in re-building vignettes:
     ...
    --- re-building ‘WebGL.Rmd’ using rmarkdown
    Warning in engine$weave(file, quiet = quiet, encoding = enc) :
     Pandoc (>= 1.12.3) and/or pandoc-citeproc not available. Falling back to R Markdown v1.
    Quitting from lines 372-425 (WebGL.Rmd)
    Error: processing vignette 'WebGL.Rmd' failed with diagnostics:
    object 'subid' not found
    --- failed re-building ‘WebGL.Rmd’
    
    --- re-building ‘legacyWebGL.Rmd’ using rmarkdown
    Warning in engine$weave(file, quiet = quiet, encoding = enc) :
     Pandoc (>= 1.12.3) and/or pandoc-citeproc not available. Falling back to R Markdown v1.
    Quitting from lines 82-137 (legacyWebGL.Rmd)
    Error: processing vignette 'legacyWebGL.Rmd' failed with diagnostics:
    object 'subid' not found
    --- failed re-building ‘legacyWebGL.Rmd’
    
    --- re-building ‘rgl.Rmd’ using rmarkdown
    Warning in engine$weave(file, quiet = quiet, encoding = enc) :
     Pandoc (>= 1.12.3) and/or pandoc-citeproc not available. Falling back to R Markdown v1.
    --- finished re-building ‘rgl.Rmd’
    
    SUMMARY: processing the following files failed:
     ‘WebGL.Rmd’ ‘legacyWebGL.Rmd’
    
    Error: Vignette re-building failed.
    Execution halted
Flavor: r-patched-solaris-x86

Version: 0.100.54
Check: whether package can be installed
Result: WARN
    Found the following significant warnings:
     Warning: 'rgl.init' failed, running with 'rgl.useNULL = TRUE'.
Flavor: r-release-osx-x86_64

Version: 0.100.54
Check: whether the namespace can be loaded with stated dependencies
Result: NOTE
    Warning: 'rgl.init' failed, running with 'rgl.useNULL = TRUE'.
    
    A namespace must be able to be loaded with just the base namespace
    loaded: otherwise if the namespace gets loaded by a saved object, the
    session will be unable to start.
    
    Probably some imports need to be declared in the NAMESPACE file.
Flavor: r-release-osx-x86_64

Version: 0.100.54
Check: dependencies in R code
Result: NOTE
    No protocol specified
    No protocol specified
Flavor: r-release-osx-x86_64

Version: 0.100.54
Check: re-building of vignette outputs
Result: WARN
    Error(s) in re-building vignettes:
    --- re-building ‘WebGL.Rmd’ using rmarkdown
    Warning in engine$weave(file, quiet = quiet, encoding = enc) :
     Pandoc (>= 1.12.3) and/or pandoc-citeproc not available. Falling back to R Markdown v1.
    Quitting from lines 372-425 (WebGL.Rmd)
    Error: processing vignette 'WebGL.Rmd' failed with diagnostics:
    object 'subid' not found
    --- failed re-building ‘WebGL.Rmd’
    
    --- re-building ‘legacyWebGL.Rmd’ using rmarkdown
    Warning in engine$weave(file, quiet = quiet, encoding = enc) :
     Pandoc (>= 1.12.3) and/or pandoc-citeproc not available. Falling back to R Markdown v1.
    Quitting from lines 82-137 (legacyWebGL.Rmd)
    Error: processing vignette 'legacyWebGL.Rmd' failed with diagnostics:
    object 'subid' not found
    --- failed re-building ‘legacyWebGL.Rmd’
    
    --- re-building ‘rgl.Rmd’ using rmarkdown
    Warning in engine$weave(file, quiet = quiet, encoding = enc) :
     Pandoc (>= 1.12.3) and/or pandoc-citeproc not available. Falling back to R Markdown v1.
    --- finished re-building ‘rgl.Rmd’
    
    SUMMARY: processing the following files failed:
     ‘WebGL.Rmd’ ‘legacyWebGL.Rmd’
    
    Error: Vignette re-building failed.
    Execution halted
Flavor: r-release-osx-x86_64

Version: 0.100.50
Check: whether package can be installed
Result: WARN
    Found the following significant warnings:
     Warning: 'rgl.init' failed, running with 'rgl.useNULL = TRUE'.
Flavor: r-oldrel-osx-x86_64

Version: 0.100.50
Check: installed package size
Result: NOTE
     installed size is 10.8Mb
     sub-directories of 1Mb or more:
     doc 3.7Mb
     fonts 1.5Mb
     libs 3.8Mb
Flavor: r-oldrel-osx-x86_64

Version: 0.100.50
Check: whether the namespace can be loaded with stated dependencies
Result: NOTE
    Warning: 'rgl.init' failed, running with 'rgl.useNULL = TRUE'.
    
    A namespace must be able to be loaded with just the base namespace
    loaded: otherwise if the namespace gets loaded by a saved object, the
    session will be unable to start.
    
    Probably some imports need to be declared in the NAMESPACE file.
Flavor: r-oldrel-osx-x86_64

Version: 0.100.50
Check: dependencies in R code
Result: NOTE
    No protocol specified
    No protocol specified
Flavor: r-oldrel-osx-x86_64

Version: 0.100.50
Check: re-building of vignette outputs
Result: WARN
    Error in re-building vignettes:
     ...
    Warning in engine$weave(file, quiet = quiet, encoding = enc) :
     Pandoc (>= 1.12.3) and/or pandoc-citeproc not available. Falling back to R Markdown v1.
    Quitting from lines 17-19 (WebGL.Rmd)
    Error: processing vignette 'WebGL.Rmd' failed with diagnostics:
    These vignettes assume pandoc version 1.14; older versions may not work.
    Execution halted
Flavor: r-oldrel-osx-x86_64