Last updated on 2020-04-25 01:53:15 CEST.
Flavor | Version | Tinstall | Tcheck | Ttotal | Status | Flags |
---|---|---|---|---|---|---|
r-devel-linux-x86_64-debian-clang | 0.1.1 | 4.36 | 31.24 | 35.60 | OK | |
r-devel-linux-x86_64-debian-gcc | 0.1.1 | 3.09 | 25.66 | 28.75 | OK | |
r-devel-linux-x86_64-fedora-clang | 0.1.1 | 43.52 | NOTE | |||
r-devel-linux-x86_64-fedora-gcc | 0.1.1 | 42.46 | NOTE | |||
r-devel-windows-ix86+x86_64 | 0.1.1 | 22.00 | 47.00 | 69.00 | OK | |
r-patched-linux-x86_64 | 0.1.1 | 4.39 | 31.56 | 35.95 | OK | |
r-patched-osx-x86_64 | 0.1.1 | NOTE | ||||
r-patched-solaris-x86 | 0.1.1 | 68.30 | NOTE | |||
r-release-linux-x86_64 | 0.1.1 | 2.92 | 28.88 | 31.80 | OK | |
r-release-windows-ix86+x86_64 | 0.1.1 | 15.00 | 45.00 | 60.00 | OK | |
r-release-osx-x86_64 | 0.1.1 | NOTE | ||||
r-oldrel-windows-ix86+x86_64 | 0.1.1 | 5.00 | 44.00 | 49.00 | OK | |
r-oldrel-osx-x86_64 | 0.1.1 | NOTE |
Version: 0.1.1
Check: dependencies in R code
Result: NOTE
Namespaces in Imports field not imported from:
‘leaflet’ ‘pals’ ‘raster’ ‘sp’
All declared Imports should be used.
Flavors: r-devel-linux-x86_64-fedora-clang, r-devel-linux-x86_64-fedora-gcc, r-patched-osx-x86_64, r-patched-solaris-x86, r-release-osx-x86_64, r-oldrel-osx-x86_64