CRAN Package Check Results for Package revgeo

Last updated on 2020-04-25 01:53:15 CEST.

Flavor Version Tinstall Tcheck Ttotal Status Flags
r-devel-linux-x86_64-debian-clang 0.15 3.09 24.71 27.80 OK
r-devel-linux-x86_64-debian-gcc 0.15 2.49 20.07 22.56 OK
r-devel-linux-x86_64-fedora-clang 0.15 34.91 OK
r-devel-linux-x86_64-fedora-gcc 0.15 34.03 OK
r-devel-windows-ix86+x86_64 0.15 9.00 37.00 46.00 OK
r-patched-linux-x86_64 0.15 3.22 24.81 28.03 OK
r-patched-osx-x86_64 0.15 OK
r-patched-solaris-x86 0.15 55.00 ERROR
r-release-linux-x86_64 0.15 2.25 23.00 25.25 OK
r-release-windows-ix86+x86_64 0.15 6.00 33.00 39.00 OK
r-release-osx-x86_64 0.15 OK
r-oldrel-windows-ix86+x86_64 0.15 4.00 34.00 38.00 OK
r-oldrel-osx-x86_64 0.15 OK

Check Details

Version: 0.15
Check: examples
Result: ERROR
    Running examples in ‘revgeo-Ex.R’ failed
    The error most likely occurred in:
    
    > ### Name: revgeo
    > ### Title: Reverse Geocoding with the Photon Geocoder for OpenStreetMap,
    > ### Google Maps, and Bing.
    > ### Aliases: revgeo
    > ### Keywords: geocode reverse
    >
    > ### ** Examples
    >
    > revgeo(longitude=-77.0229529, latitude=38.89283435)
    [1] "Getting geocode data from Photon: http://photon.komoot.de/reverse?lon=-77.0229529&lat=38.89283435"
    
    Execution halted
Flavor: r-patched-solaris-x86