CRAN Package Check Results for Package retrosheet

Last updated on 2020-04-25 01:53:15 CEST.

Flavor Version Tinstall Tcheck Ttotal Status Flags
r-devel-linux-x86_64-debian-clang 1.1.1 5.81 56.40 62.21 OK
r-devel-linux-x86_64-debian-gcc 1.1.1 3.99 43.67 47.66 OK
r-devel-linux-x86_64-fedora-clang 1.1.1 77.13 OK
r-devel-linux-x86_64-fedora-gcc 1.1.1 75.81 OK
r-devel-windows-ix86+x86_64 1.1.1 20.00 75.00 95.00 OK
r-patched-linux-x86_64 1.1.1 5.11 54.60 59.71 OK
r-patched-osx-x86_64 1.1.1 OK
r-patched-solaris-x86 1.1.1 119.50 OK
r-release-linux-x86_64 1.1.1 4.33 51.54 55.87 OK
r-release-windows-ix86+x86_64 1.1.1 20.00 102.00 122.00 OK
r-release-osx-x86_64 1.1.1 OK
r-oldrel-windows-ix86+x86_64 1.1.1 6.00 63.00 69.00 ERROR
r-oldrel-osx-x86_64 1.1.1 OK

Check Details

Version: 1.1.1
Check: tests
Result: ERROR
     Running 'testthat.R' [11s]
    Running the tests in 'tests/testthat.R' failed.
    Complete output:
     > library(testthat)
     > library(retrosheet)
    
     For Retrosheet data obtained with this package:
    
     The information used here was obtained free of charge from
     and is copyrighted by Retrosheet. Interested parties may
     contact Retrosheet at "www.retrosheet.org"
    
     >
     > test_check("retrosheet")
     -- 1. Error: getParkIDs returns the right results (@test-getParkIDs.R#2) ------
     cannot open the connection
     Backtrace:
     1. retrosheet::getParkIDs()
     2. base::scan(u, nlines = 1L, nmax = 2L, what = "", sep = ",", quiet = TRUE)
     3. base::file(file, "r")
    
     == testthat results ===========================================================
     [ OK: 50 | SKIPPED: 0 | WARNINGS: 1 | FAILED: 1 ]
     1. Error: getParkIDs returns the right results (@test-getParkIDs.R#2)
    
     Error: testthat unit tests failed
     Execution halted
Flavor: r-oldrel-windows-ix86+x86_64