CRAN Package Check Results for Package remotes

Last updated on 2020-04-25 01:53:15 CEST.

Flavor Version Tinstall Tcheck Ttotal Status Flags
r-devel-linux-x86_64-debian-clang 2.1.1 5.01 48.13 53.14 OK
r-devel-linux-x86_64-debian-gcc 2.1.1 4.19 37.61 41.80 OK
r-devel-linux-x86_64-fedora-clang 2.1.1 67.22 OK
r-devel-linux-x86_64-fedora-gcc 2.1.1 76.67 OK
r-devel-windows-ix86+x86_64 2.1.1 14.00 75.00 89.00 OK
r-patched-linux-x86_64 2.1.1 5.15 47.72 52.87 OK
r-patched-osx-x86_64 2.1.1 WARN
r-patched-solaris-x86 2.1.1 84.60 OK
r-release-linux-x86_64 2.1.1 4.28 43.67 47.95 OK
r-release-windows-ix86+x86_64 2.1.1 18.00 104.00 122.00 OK
r-release-osx-x86_64 2.1.1 OK
r-oldrel-windows-ix86+x86_64 2.1.1 8.00 65.00 73.00 OK
r-oldrel-osx-x86_64 2.1.1 OK

Check Details

Version: 2.1.1
Check: re-building of vignette outputs
Result: WARN
    Error(s) in re-building vignettes:
     ...
    --- re-building ‘dependencies.Rmd’ using rmarkdown
    Warning in engine$weave(file, quiet = quiet, encoding = enc) :
     Pandoc (>= 1.12.3) and/or pandoc-citeproc not available. Falling back to R Markdown v1.
    Error: processing vignette 'dependencies.Rmd' failed with diagnostics:
    there is no package called 'stringi'
    --- failed re-building ‘dependencies.Rmd’
    
    SUMMARY: processing the following file failed:
     ‘dependencies.Rmd’
    
    Error: Vignette re-building failed.
    Execution halted
Flavor: r-patched-osx-x86_64