CRAN Package Check Results for Package remoter

Last updated on 2020-04-25 01:53:15 CEST.

Flavor Version Tinstall Tcheck Ttotal Status Flags
r-devel-linux-x86_64-debian-clang 0.4-0 3.31 35.66 38.97 OK
r-devel-linux-x86_64-debian-gcc 0.4-0 2.99 28.68 31.67 OK
r-devel-linux-x86_64-fedora-clang 0.4-0 51.10 OK
r-devel-linux-x86_64-fedora-gcc 0.4-0 50.28 OK
r-devel-windows-ix86+x86_64 0.4-0 9.00 57.00 66.00 OK
r-patched-linux-x86_64 0.4-0 3.73 35.39 39.12 OK
r-patched-osx-x86_64 0.4-0 ERROR
r-patched-solaris-x86 0.4-0 72.90 OK
r-release-linux-x86_64 0.4-0 3.40 33.93 37.33 OK
r-release-windows-ix86+x86_64 0.4-0 10.00 59.00 69.00 OK
r-release-osx-x86_64 0.4-0 OK
r-oldrel-windows-ix86+x86_64 0.4-0 6.00 83.00 89.00 OK
r-oldrel-osx-x86_64 0.4-0 OK

Check Details

Version: 0.4-0
Check: package dependencies
Result: ERROR
    Package required but not available: ‘pbdZMQ’
    
    See section ‘The DESCRIPTION file’ in the ‘Writing R Extensions’
    manual.
Flavor: r-patched-osx-x86_64