CRAN Package Check Results for Package rematch2

Last updated on 2020-04-25 01:53:15 CEST.

Flavor Version Tinstall Tcheck Ttotal Status Flags
r-devel-linux-x86_64-debian-clang 2.1.1 3.15 29.89 33.04 ERROR
r-devel-linux-x86_64-debian-gcc 2.1.1 2.45 23.22 25.67 ERROR
r-devel-linux-x86_64-fedora-clang 2.1.1 43.38 ERROR
r-devel-linux-x86_64-fedora-gcc 2.1.1 40.83 ERROR
r-devel-windows-ix86+x86_64 2.1.1 12.00 43.00 55.00 ERROR
r-patched-linux-x86_64 2.1.1 2.61 28.81 31.42 ERROR
r-patched-osx-x86_64 2.1.1 OK
r-patched-solaris-x86 2.1.1 65.20 ERROR
r-release-linux-x86_64 2.1.1 2.33 27.33 29.66 ERROR
r-release-windows-ix86+x86_64 2.1.1 4.00 8.00 12.00 ERROR
r-release-osx-x86_64 2.1.1 OK
r-oldrel-windows-ix86+x86_64 2.1.1 3.00 5.00 8.00 ERROR
r-oldrel-osx-x86_64 2.1.0 OK

Check Details

Version: 2.1.1
Check: examples
Result: ERROR
    Running examples in 'rematch2-Ex.R' failed
    The error most likely occurred in:
    
    > base::assign(".ptime", proc.time(), pos = "CheckExEnv")
    > ### Name: re_exec
    > ### Title: Extract Data From First Regular Expression Match Into a Data
    > ### Frame
    > ### Aliases: re_exec $.rematch_records $.rematch_allrecords
    >
    > ### ** Examples
    >
    > name_rex <- paste0(
    + "(?<first>[[:upper:]][[:lower:]]+) ",
    + "(?<last>[[:upper:]][[:lower:]]+)"
    + )
    > notables <- c(
    + " Ben Franklin and Jefferson Davis",
    + "\tMillard Fillmore"
    + )
    > # Match first occurrence
    > pos <- re_exec(notables, name_rex)
    > pos
    Error: Input must be a vector, not a `rematch_records` object.
    Backtrace:
     x
     1. +-(function (x, ...) ...
     2. +-tibble:::print.tbl(x)
     3. | +-cli::cat_line(format(x, ..., n = n, width = width, n_extra = n_extra))
     4. | | \-base::paste0(..., collapse = "\n")
     5. | +-base::format(x, ..., n = n, width = width, n_extra = n_extra)
     6. | \-tibble:::format.tbl(x, ..., n = n, width = width, n_extra = n_extra)
     7. | \-tibble::trunc_mat(x, n = n, width = width, n_extra = n_extra)
     8. | +-base::as.data.frame(head(x, n))
     9. | +-utils::head(x, n)
     10. | \-utils:::head.data.frame(x, n)
     11. | +-base::do.call("[", args)
     12. | +-x[1:2, , drop = FALSE]
     13. | \-tibble:::`[.tbl_df`(x, 1:2, , drop = FALSE)
     14. | \-tibble:::tbl_subset_row(xo, i = i, i_arg)
     15. | \-base::lapply(unclass(x), vec_slice, i = i)
     16. | \-vctrs:::FUN(X[[i]], ...)
     17. \-vctrs:::stop_scalar_type(...)
     18. \-vctrs:::stop_vctrs(msg, "vctrs_error_scala
    Execution halted
Flavor: r-devel-linux-x86_64-debian-clang

Version: 2.1.1
Check: examples
Result: ERROR
    Running examples in ‘rematch2-Ex.R’ failed
    The error most likely occurred in:
    
    > base::assign(".ptime", proc.time(), pos = "CheckExEnv")
    > ### Name: re_exec
    > ### Title: Extract Data From First Regular Expression Match Into a Data
    > ### Frame
    > ### Aliases: re_exec $.rematch_records $.rematch_allrecords
    >
    > ### ** Examples
    >
    > name_rex <- paste0(
    + "(?<first>[[:upper:]][[:lower:]]+) ",
    + "(?<last>[[:upper:]][[:lower:]]+)"
    + )
    > notables <- c(
    + " Ben Franklin and Jefferson Davis",
    + "\tMillard Fillmore"
    + )
    > # Match first occurrence
    > pos <- re_exec(notables, name_rex)
    > pos
    Error: Input must be a vector, not a `rematch_records` object.
    Backtrace:
     █
     1. ├─(function (x, ...) ...
     2. ├─tibble:::print.tbl(x)
     3. │ ├─cli::cat_line(format(x, ..., n = n, width = width, n_extra = n_extra))
     4. │ │ └─base::paste0(..., collapse = "\n")
     5. │ ├─base::format(x, ..., n = n, width = width, n_extra = n_extra)
     6. │ └─tibble:::format.tbl(x, ..., n = n, width = width, n_extra = n_extra)
     7. │ └─tibble::trunc_mat(x, n = n, width = width, n_extra = n_extra)
     8. │ ├─base::as.data.frame(head(x, n))
     9. │ ├─utils::head(x, n)
     10. │ └─utils:::head.data.frame(x, n)
     11. │ ├─base::do.call("[", args)
     12. │ ├─x[1:2, , drop = FALSE]
     13. │ └─tibble:::`[.tbl_df`(x, 1:2, , drop = FALSE)
     14. │ └─tibble:::tbl_subset_row(xo, i = i, i_arg)
     15. │ └─base::lapply(unclass(x), vec_slice, i = i)
     16. │ └─vctrs:::FUN(X[[i]
    Execution halted
Flavors: r-devel-linux-x86_64-debian-gcc, r-patched-linux-x86_64

Version: 2.1.1
Check: examples
Result: ERROR
    Running examples in ‘rematch2-Ex.R’ failed
    The error most likely occurred in:
    
    > ### Name: re_exec
    > ### Title: Extract Data From First Regular Expression Match Into a Data
    > ### Frame
    > ### Aliases: re_exec $.rematch_records $.rematch_allrecords
    >
    > ### ** Examples
    >
    > name_rex <- paste0(
    + "(?<first>[[:upper:]][[:lower:]]+) ",
    + "(?<last>[[:upper:]][[:lower:]]+)"
    + )
    > notables <- c(
    + " Ben Franklin and Jefferson Davis",
    + "\tMillard Fillmore"
    + )
    > # Match first occurrence
    > pos <- re_exec(notables, name_rex)
    > pos
    Error: Input must be a vector, not a `rematch_records` object.
    Backtrace:
     █
     1. ├─(function (x, ...) ...
     2. ├─tibble:::print.tbl(x)
     3. │ ├─cli::cat_line(format(x, ..., n = n, width = width, n_extra = n_extra))
     4. │ │ └─base::paste0(..., collapse = "\n")
     5. │ ├─base::format(x, ..., n = n, width = width, n_extra = n_extra)
     6. │ └─tibble:::format.tbl(x, ..., n = n, width = width, n_extra = n_extra)
     7. │ └─tibble::trunc_mat(x, n = n, width = width, n_extra = n_extra)
     8. │ ├─base::as.data.frame(head(x, n))
     9. │ ├─utils::head(x, n)
     10. │ └─utils:::head.data.frame(x, n)
     11. │ ├─base::do.call("[", args)
     12. │ ├─x[1:2, , drop = FALSE]
     13. │ └─tibble:::`[.tbl_df`(x, 1:2, , drop = FALSE)
     14. │ └─tibble:::tbl_subset_row(xo, i = i, i_arg)
     15. │ └─base::lapply(unclass(x), vec_slice, i = i)
     16. │ └─vctrs:::FUN(X[[i]
    Execution halted
Flavors: r-devel-linux-x86_64-fedora-clang, r-devel-linux-x86_64-fedora-gcc, r-patched-solaris-x86

Version: 2.1.1
Check: examples
Result: ERROR
    Running examples in 'rematch2-Ex.R' failed
    The error most likely occurred in:
    
    > ### Name: re_exec
    > ### Title: Extract Data From First Regular Expression Match Into a Data
    > ### Frame
    > ### Aliases: re_exec $.rematch_records $.rematch_allrecords
    >
    > ### ** Examples
    >
    > name_rex <- paste0(
    + "(?<first>[[:upper:]][[:lower:]]+) ",
    + "(?<last>[[:upper:]][[:lower:]]+)"
    + )
    > notables <- c(
    + " Ben Franklin and Jefferson Davis",
    + "\tMillard Fillmore"
    + )
    > # Match first occurrence
    > pos <- re_exec(notables, name_rex)
    > pos
    Error: Input must be a vector, not a `rematch_records` object.
    Backtrace:
     x
     1. +-(function (x, ...) ...
     2. +-tibble:::print.tbl(x)
     3. | +-cli::cat_line(format(x, ..., n = n, width = width, n_extra = n_extra))
     4. | | \-base::paste0(..., collapse = "\n")
     5. | +-base::format(x, ..., n = n, width = width, n_extra = n_extra)
     6. | \-tibble:::format.tbl(x, ..., n = n, width = width, n_extra = n_extra)
     7. | \-tibble::trunc_mat(x, n = n, width = width, n_extra = n_extra)
     8. | +-base::as.data.frame(head(x, n))
     9. | +-utils::head(x, n)
     10. | \-utils:::head.data.frame(x, n)
     11. | +-base::do.call("[", args)
     12. | +-x[1:2, , drop = FALSE]
     13. | \-tibble:::`[.tbl_df`(x, 1:2, , drop = FALSE)
     14. | \-tibble:::tbl_subset_row(xo, i = i, i_arg)
     15. | \-base::lapply(unclass(x), vec_slice, i = i)
     16. | \-vctrs:::FUN(X[[i]], ...)
     17. \-vctrs:::stop_scalar_type(...)
     18. \-vctrs:::stop_vctrs(msg, "vctrs_error_scala
    Execution halted
Flavor: r-devel-windows-ix86+x86_64

Version: 2.1.1
Check: examples
Result: ERROR
    Running examples in ‘rematch2-Ex.R’ failed
    The error most likely occurred in:
    
    > base::assign(".ptime", proc.time(), pos = "CheckExEnv")
    > ### Name: re_exec
    > ### Title: Extract Data From First Regular Expression Match Into a Data
    > ### Frame
    > ### Aliases: re_exec $.rematch_records $.rematch_allrecords
    >
    > ### ** Examples
    >
    > name_rex <- paste0(
    + "(?<first>[[:upper:]][[:lower:]]+) ",
    + "(?<last>[[:upper:]][[:lower:]]+)"
    + )
    > notables <- c(
    + " Ben Franklin and Jefferson Davis",
    + "\tMillard Fillmore"
    + )
    > # Match first occurrence
    > pos <- re_exec(notables, name_rex)
    > pos
    Error: Input must be a vector, not a `rematch_records` object.
    Backtrace:
     █
     1. ├─(function (x, ...) ...
     2. ├─tibble:::print.tbl(x)
     3. │ ├─cli::cat_line(format(x, ..., n = n, width = width, n_extra = n_extra))
     4. │ │ └─base::paste0(..., collapse = "\n")
     5. │ ├─base::format(x, ..., n = n, width = width, n_extra = n_extra)
     6. │ └─tibble:::format.tbl(x, ..., n = n, width = width, n_extra = n_extra)
     7. │ └─tibble::trunc_mat(x, n = n, width = width, n_extra = n_extra)
     8. │ ├─base::as.data.frame(head(x, n))
     9. │ ├─utils::head(x, n)
     10. │ └─utils:::head.data.frame(x, n)
     11. │ ├─x[seq_len(n), , drop = FALSE]
     12. │ └─tibble:::`[.tbl_df`(x, seq_len(n), , drop = FALSE)
     13. │ └─tibble:::tbl_subset_row(xo, i = i, i_arg)
     14. │ └─base::lapply(unclass(x), vec_slice, i = i)
     15. │ └─vctrs:::FUN(X[[i]], ...)
     16. └─vctrs:::stop_
    Execution halted
Flavor: r-release-linux-x86_64

Version: 2.1.1
Check: whether package can be installed
Result: ERROR
    Installation failed.
Flavors: r-release-windows-ix86+x86_64, r-oldrel-windows-ix86+x86_64