CRAN Package Check Results for Package regressoR

Last updated on 2020-04-25 01:53:15 CEST.

Flavor Version Tinstall Tcheck Ttotal Status Flags
r-devel-linux-x86_64-debian-clang 1.1.8 7.62 56.78 64.40 OK
r-devel-linux-x86_64-debian-gcc 1.1.8 6.03 44.02 50.05 OK
r-devel-linux-x86_64-fedora-clang 1.1.8 78.85 NOTE
r-devel-linux-x86_64-fedora-gcc 1.1.8 76.63 NOTE
r-devel-windows-ix86+x86_64 1.1.8 35.00 92.00 127.00 OK
r-patched-linux-x86_64 1.1.8 6.48 54.98 61.46 OK
r-patched-osx-x86_64 1.1.8 NOTE
r-patched-solaris-x86 1.1.8 113.30 NOTE
r-release-linux-x86_64 1.1.8 5.50 53.12 58.62 OK
r-release-windows-ix86+x86_64 1.1.8 23.00 131.00 154.00 OK
r-release-osx-x86_64 1.1.8 NOTE
r-oldrel-windows-ix86+x86_64 1.1.8 9.00 71.00 80.00 OK
r-oldrel-osx-x86_64 1.1.8 NOTE

Check Details

Version: 1.1.8
Check: package dependencies
Result: NOTE
    Imports includes 24 non-default packages.
    Importing from so many packages makes the package vulnerable to any of
    them becoming unavailable. Move as many as possible to Suggests and
    use conditionally.
Flavor: r-devel-linux-x86_64-fedora-clang

Version: 1.1.8
Check: dependencies in R code
Result: NOTE
    Namespaces in Imports field not imported from:
     ‘ROCR’ ‘colourpicker’ ‘corrplot’ ‘e1071’ ‘flexdashboard’ ‘gbm’
     ‘glmnet’ ‘kknn’ ‘neuralnet’ ‘rattle’ ‘rpart’ ‘shinyWidgets’
     ‘shinydashboardPlus’ ‘shinyjs’ ‘xgboost’ ‘zip’
     All declared Imports should be used.
Flavors: r-devel-linux-x86_64-fedora-clang, r-devel-linux-x86_64-fedora-gcc, r-patched-osx-x86_64, r-patched-solaris-x86, r-release-osx-x86_64, r-oldrel-osx-x86_64