CRAN Package Check Results for Package registr

Last updated on 2020-04-25 01:53:15 CEST.

Flavor Version Tinstall Tcheck Ttotal Status Flags
r-devel-linux-x86_64-debian-clang 1.0.0 59.41 174.34 233.75 OK
r-devel-linux-x86_64-debian-gcc 1.0.0 39.80 127.37 167.17 OK
r-devel-linux-x86_64-fedora-clang 1.0.0 287.80 NOTE
r-devel-linux-x86_64-fedora-gcc 1.0.0 278.10 NOTE
r-devel-windows-ix86+x86_64 1.0.0 160.00 266.00 426.00 OK
r-patched-linux-x86_64 1.0.0 45.99 166.20 212.19 OK
r-patched-osx-x86_64 1.0.0 WARN
r-patched-solaris-x86 1.0.0 351.50 NOTE
r-release-linux-x86_64 1.0.0 47.53 156.72 204.25 OK
r-release-windows-ix86+x86_64 1.0.0 150.00 250.00 400.00 OK
r-release-osx-x86_64 1.0.0 NOTE
r-oldrel-windows-ix86+x86_64 1.0.0 90.00 338.00 428.00 OK
r-oldrel-osx-x86_64 1.0.0 NOTE

Check Details

Version: 1.0.0
Check: dependencies in R code
Result: NOTE
    Namespaces in Imports field not imported from:
     ‘ggplot2’ ‘gridExtra’
     All declared Imports should be used.
Flavors: r-devel-linux-x86_64-fedora-clang, r-devel-linux-x86_64-fedora-gcc, r-patched-osx-x86_64, r-patched-solaris-x86, r-release-osx-x86_64, r-oldrel-osx-x86_64

Version: 1.0.0
Check: re-building of vignette outputs
Result: WARN
    Error(s) in re-building vignettes:
    --- re-building ‘registr.Rmd’ using rmarkdown
    
    Attaching package: 'dplyr'
    
    The following objects are masked from 'package:stats':
    
     filter, lag
    
    The following objects are masked from 'package:base':
    
     intersect, setdiff, setequal, union
    
    current iteration: 1
    current iteration: 2
    current iteration: 3
    current iteration: 4
    current iteration: 1
    current iteration: 2
    current iteration: 3
    current iteration: 4
    current iteration: 5
    current iteration: 6
    current iteration: 1
    current error: 100
    current iteration: 2
    current error: 6.2881151568711
    current iteration: 3
    current error: 1.3558067376026
    current iteration: 4
    current error: 0.21736703893094
    current iteration: 5
    current error: 0.0795079973218712
    current iteration: 6
    current error: 0.0399148723160214
    current iteration: 7
    current error: 0.023894591297154
    current iteration: 8
    current error: 0.0159877864795628
    current iteration: 9
    current error: 0.0115043882861438
    current iteration: 10
    current error: 0.00869511810701926
    current iteration: 11
    current error: 0.00680280148391725
    current iteration: 12
    current error: 0.00545881054960157
    current iteration: 13
    current error: 0.00446580990149611
    current iteration: 14
    current error: 0.00370969718400737
    current iteration: 15
    current error: 0.00312022941886176
    current iteration: 16
    current error: 0.00265190135684944
    current iteration: 17
    current error: 0.00227398203444328
    current iteration: 18
    current error: 0.0019649999026443
    current iteration: 19
    current error: 0.00170952691841539
    current iteration: 20
    current error: 0.00149621677854437
    current iteration: 21
    current error: 0.00131656065907475
    current iteration: 22
    current error: 0.00116407103551952
    current iteration: 23
    current error: 0.00103373053690677
    dyld: lazy symbol binding failed: Symbol not found: ____chkstk_darwin
     Referenced from: /usr/local/bin/pandoc (which was built for Mac OS X 10.15)
     Expected in: /usr/lib/libSystem.B.dylib
    
    dyld: Symbol not found: ____chkstk_darwin
     Referenced from: /usr/local/bin/pandoc (which was built for Mac OS X 10.15)
     Expected in: /usr/lib/libSystem.B.dylib
    
    Error: processing vignette 'registr.Rmd' failed with diagnostics:
    pandoc document conversion failed with error 6
    --- failed re-building ‘registr.Rmd’
    
    SUMMARY: processing the following file failed:
     ‘registr.Rmd’
    
    Error: Vignette re-building failed.
    Execution halted
Flavor: r-patched-osx-x86_64