CRAN Package Check Results for Package refuge

Last updated on 2020-04-25 01:53:15 CEST.

Flavor Version Tinstall Tcheck Ttotal Status Flags
r-devel-linux-x86_64-debian-clang 0.3.2 4.77 58.50 63.27 OK
r-devel-linux-x86_64-debian-gcc 0.3.2 3.50 46.01 49.51 OK
r-devel-linux-x86_64-fedora-clang 0.3.2 66.87 OK
r-devel-linux-x86_64-fedora-gcc 0.3.2 65.95 OK
r-devel-windows-ix86+x86_64 0.3.2 17.00 318.00 335.00 OK
r-patched-linux-x86_64 0.3.2 4.38 57.24 61.62 OK
r-patched-osx-x86_64 0.3.2 WARN
r-patched-solaris-x86 0.3.2 89.60 OK
r-release-linux-x86_64 0.3.2 3.92 55.14 59.06 OK
r-release-windows-ix86+x86_64 0.3.2 17.00 332.00 349.00 OK
r-release-osx-x86_64 0.3.2 OK
r-oldrel-windows-ix86+x86_64 0.3.2 6.00 322.00 328.00 OK
r-oldrel-osx-x86_64 0.3.2 OK

Check Details

Version: 0.3.2
Check: re-building of vignette outputs
Result: WARN
    Error(s) in re-building vignettes:
     ...
    --- re-building ‘introduction.Rmd’ using rmarkdown
    dyld: lazy symbol binding failed: Symbol not found: ____chkstk_darwin
     Referenced from: /usr/local/bin/pandoc (which was built for Mac OS X 10.15)
     Expected in: /usr/lib/libSystem.B.dylib
    
    dyld: Symbol not found: ____chkstk_darwin
     Referenced from: /usr/local/bin/pandoc (which was built for Mac OS X 10.15)
     Expected in: /usr/lib/libSystem.B.dylib
    
    Error: processing vignette 'introduction.Rmd' failed with diagnostics:
    pandoc document conversion failed with error 6
    --- failed re-building ‘introduction.Rmd’
    
    SUMMARY: processing the following file failed:
     ‘introduction.Rmd’
    
    Error: Vignette re-building failed.
    Execution halted
Flavor: r-patched-osx-x86_64