CRAN Package Check Results for Package reda

Last updated on 2020-04-25 01:53:15 CEST.

Flavor Version Tinstall Tcheck Ttotal Status Flags
r-devel-linux-x86_64-debian-clang 0.5.0 54.41 83.20 137.61 OK
r-devel-linux-x86_64-debian-gcc 0.5.0 39.58 62.45 102.03 OK
r-devel-linux-x86_64-fedora-clang 0.5.0 180.67 NOTE
r-devel-linux-x86_64-fedora-gcc 0.5.0 171.31 OK
r-devel-windows-ix86+x86_64 0.5.0 144.00 146.00 290.00 NOTE
r-patched-linux-x86_64 0.5.0 43.33 79.91 123.24 OK
r-patched-osx-x86_64 0.5.0 WARN
r-patched-solaris-x86 0.5.0 190.50 OK
r-release-linux-x86_64 0.5.0 41.31 74.69 116.00 OK
r-release-windows-ix86+x86_64 0.5.0 138.00 139.00 277.00 NOTE
r-release-osx-x86_64 0.5.0 NOTE
r-oldrel-windows-ix86+x86_64 0.5.0 85.00 187.00 272.00 NOTE
r-oldrel-osx-x86_64 0.5.0 NOTE

Check Details

Version: 0.5.0
Check: installed package size
Result: NOTE
     installed size is 6.5Mb
     sub-directories of 1Mb or more:
     doc 3.3Mb
     libs 2.5Mb
Flavors: r-devel-linux-x86_64-fedora-clang, r-devel-windows-ix86+x86_64, r-patched-osx-x86_64, r-release-windows-ix86+x86_64, r-release-osx-x86_64, r-oldrel-windows-ix86+x86_64, r-oldrel-osx-x86_64

Version: 0.5.0
Check: re-building of vignette outputs
Result: WARN
    Error(s) in re-building vignettes:
    --- re-building ‘reda-Recur.Rmd’ using rmarkdown
    dyld: lazy symbol binding failed: Symbol not found: ____chkstk_darwin
     Referenced from: /usr/local/bin/pandoc (which was built for Mac OS X 10.15)
     Expected in: /usr/lib/libSystem.B.dylib
    
    dyld: Symbol not found: ____chkstk_darwin
     Referenced from: /usr/local/bin/pandoc (which was built for Mac OS X 10.15)
     Expected in: /usr/lib/libSystem.B.dylib
    
    Error: processing vignette 'reda-Recur.Rmd' failed with diagnostics:
    pandoc document conversion failed with error 6
    --- failed re-building ‘reda-Recur.Rmd’
    
    --- re-building ‘reda-intro.Rmd’ using rmarkdown
    dyld: lazy symbol binding failed: Symbol not found: ____chkstk_darwin
     Referenced from: /usr/local/bin/pandoc (which was built for Mac OS X 10.15)
     Expected in: /usr/lib/libSystem.B.dylib
    
    dyld: Symbol not found: ____chkstk_darwin
     Referenced from: /usr/local/bin/pandoc (which was built for Mac OS X 10.15)
     Expected in: /usr/lib/libSystem.B.dylib
    
    Error: processing vignette 'reda-intro.Rmd' failed with diagnostics:
    pandoc document conversion failed with error 6
    --- failed re-building ‘reda-intro.Rmd’
    
    --- re-building ‘reda-simulate.Rmd’ using rmarkdown
    dyld: lazy symbol binding failed: Symbol not found: ____chkstk_darwin
     Referenced from: /usr/local/bin/pandoc (which was built for Mac OS X 10.15)
     Expected in: /usr/lib/libSystem.B.dylib
    
    dyld: Symbol not found: ____chkstk_darwin
     Referenced from: /usr/local/bin/pandoc (which was built for Mac OS X 10.15)
     Expected in: /usr/lib/libSystem.B.dylib
    
    Error: processing vignette 'reda-simulate.Rmd' failed with diagnostics:
    pandoc document conversion failed with error 6
    --- failed re-building ‘reda-simulate.Rmd’
    
    SUMMARY: processing the following files failed:
     ‘reda-Recur.Rmd’ ‘reda-intro.Rmd’ ‘reda-simulate.Rmd’
    
    Error: Vignette re-building failed.
    Execution halted
Flavor: r-patched-osx-x86_64