CRAN Package Check Results for Package red

Last updated on 2020-04-25 01:53:15 CEST.

Flavor Version Tinstall Tcheck Ttotal Status Flags
r-devel-linux-x86_64-debian-clang 1.4.0 13.50 112.29 125.79 OK
r-devel-linux-x86_64-debian-gcc 1.4.0 11.57 87.15 98.72 OK
r-devel-linux-x86_64-fedora-clang 1.4.0 154.98 OK
r-devel-linux-x86_64-fedora-gcc 1.4.0 157.39 OK
r-devel-windows-ix86+x86_64 1.4.0 54.00 138.00 192.00 OK
r-patched-linux-x86_64 1.4.0 14.05 111.72 125.77 OK
r-patched-osx-x86_64 1.4.0 OK
r-patched-solaris-x86 1.4.0 227.00 OK
r-release-linux-x86_64 1.4.0 11.78 103.51 115.29 OK
r-release-windows-ix86+x86_64 1.4.0 44.00 139.00 183.00 OK
r-release-osx-x86_64 1.4.0 WARN
r-oldrel-windows-ix86+x86_64 1.4.0 18.00 126.00 144.00 OK
r-oldrel-osx-x86_64 1.4.0 OK

Check Details

Version: 1.4.0
Check: whether package can be installed
Result: WARN
    Found the following significant warnings:
     Warning: 'rgl_init' failed, running with rgl.useNULL = TRUE
Flavor: r-release-osx-x86_64