CRAN Package Check Results for Package recipes

Last updated on 2020-04-25 01:53:14 CEST.

Flavor Version Tinstall Tcheck Ttotal Status Flags
r-devel-linux-x86_64-debian-clang 0.1.10 20.06 271.09 291.15 OK
r-devel-linux-x86_64-debian-gcc 0.1.10 17.61 209.86 227.47 OK
r-devel-linux-x86_64-fedora-clang 0.1.10 347.91 OK
r-devel-linux-x86_64-fedora-gcc 0.1.10 366.34 OK
r-devel-windows-ix86+x86_64 0.1.10 55.00 285.00 340.00 OK
r-patched-linux-x86_64 0.1.10 19.46 264.77 284.23 OK
r-patched-osx-x86_64 0.1.10 WARN
r-patched-solaris-x86 0.1.10 444.80 OK
r-release-linux-x86_64 0.1.10 17.44 244.40 261.84 OK
r-release-windows-ix86+x86_64 0.1.10 53.00 398.00 451.00 OK
r-release-osx-x86_64 0.1.10 OK
r-oldrel-windows-ix86+x86_64 0.1.10 25.00 243.00 268.00 OK
r-oldrel-osx-x86_64 0.1.10 OK

Check Details

Version: 0.1.10
Check: re-building of vignette outputs
Result: WARN
    Error(s) in re-building vignettes:
    --- re-building ‘Custom_Steps.Rmd’ using rmarkdown
    Loading required package: dplyr
    
    Attaching package: 'dplyr'
    
    The following objects are masked from 'package:stats':
    
     filter, lag
    
    The following objects are masked from 'package:base':
    
     intersect, setdiff, setequal, union
    
    
    Attaching package: 'recipes'
    
    The following object is masked from 'package:stats':
    
     step
    
    Loading required package: tibble
    dyld: lazy symbol binding failed: Symbol not found: ____chkstk_darwin
     Referenced from: /usr/local/bin/pandoc (which was built for Mac OS X 10.15)
     Expected in: /usr/lib/libSystem.B.dylib
    
    dyld: Symbol not found: ____chkstk_darwin
     Referenced from: /usr/local/bin/pandoc (which was built for Mac OS X 10.15)
     Expected in: /usr/lib/libSystem.B.dylib
    
    Error: processing vignette 'Custom_Steps.Rmd' failed with diagnostics:
    pandoc document conversion failed with error 6
    --- failed re-building ‘Custom_Steps.Rmd’
    
    --- re-building ‘Dummies.Rmd’ using rmarkdown
    dyld: lazy symbol binding failed: Symbol not found: ____chkstk_darwin
     Referenced from: /usr/local/bin/pandoc (which was built for Mac OS X 10.15)
     Expected in: /usr/lib/libSystem.B.dylib
    
    dyld: Symbol not found: ____chkstk_darwin
     Referenced from: /usr/local/bin/pandoc (which was built for Mac OS X 10.15)
     Expected in: /usr/lib/libSystem.B.dylib
    
    Error: processing vignette 'Dummies.Rmd' failed with diagnostics:
    pandoc document conversion failed with error 6
    --- failed re-building ‘Dummies.Rmd’
    
    --- re-building ‘Ordering.Rmd’ using rmarkdown
    dyld: lazy symbol binding failed: Symbol not found: ____chkstk_darwin
     Referenced from: /usr/local/bin/pandoc (which was built for Mac OS X 10.15)
     Expected in: /usr/lib/libSystem.B.dylib
    
    dyld: Symbol not found: ____chkstk_darwin
     Referenced from: /usr/local/bin/pandoc (which was built for Mac OS X 10.15)
     Expected in: /usr/lib/libSystem.B.dylib
    
    Error: processing vignette 'Ordering.Rmd' failed with diagnostics:
    pandoc document conversion failed with error 6
    --- failed re-building ‘Ordering.Rmd’
    
    --- re-building ‘Roles.Rmd’ using rmarkdown
    dyld: lazy symbol binding failed: Symbol not found: ____chkstk_darwin
     Referenced from: /usr/local/bin/pandoc (which was built for Mac OS X 10.15)
     Expected in: /usr/lib/libSystem.B.dylib
    
    dyld: Symbol not found: ____chkstk_darwin
     Referenced from: /usr/local/bin/pandoc (which was built for Mac OS X 10.15)
     Expected in: /usr/lib/libSystem.B.dylib
    
    Error: processing vignette 'Roles.Rmd' failed with diagnostics:
    pandoc document conversion failed with error 6
    --- failed re-building ‘Roles.Rmd’
    
    --- re-building ‘Selecting_Variables.Rmd’ using rmarkdown
    Loading required package: dplyr
    
    Attaching package: 'dplyr'
    
    The following objects are masked from 'package:stats':
    
     filter, lag
    
    The following objects are masked from 'package:base':
    
     intersect, setdiff, setequal, union
    
    
    Attaching package: 'recipes'
    
    The following object is masked from 'package:stats':
    
     step
    
    dyld: lazy symbol binding failed: Symbol not found: ____chkstk_darwin
     Referenced from: /usr/local/bin/pandoc (which was built for Mac OS X 10.15)
     Expected in: /usr/lib/libSystem.B.dylib
    
    dyld: Symbol not found: ____chkstk_darwin
     Referenced from: /usr/local/bin/pandoc (which was built for Mac OS X 10.15)
     Expected in: /usr/lib/libSystem.B.dylib
    
    Error: processing vignette 'Selecting_Variables.Rmd' failed with diagnostics:
    pandoc document conversion failed with error 6
    --- failed re-building ‘Selecting_Variables.Rmd’
    
    --- re-building ‘Simple_Example.Rmd’ using rmarkdown
    Loading required package: dplyr
    
    Attaching package: 'dplyr'
    
    The following objects are masked from 'package:stats':
    
     filter, lag
    
    The following objects are masked from 'package:base':
    
     intersect, setdiff, setequal, union
    
    
    Attaching package: 'recipes'
    
    The following object is masked from 'package:stats':
    
     step
    
    Loading required package: tidyr
    dyld: lazy symbol binding failed: Symbol not found: ____chkstk_darwin
     Referenced from: /usr/local/bin/pandoc (which was built for Mac OS X 10.15)
     Expected in: /usr/lib/libSystem.B.dylib
    
    dyld: Symbol not found: ____chkstk_darwin
     Referenced from: /usr/local/bin/pandoc (which was built for Mac OS X 10.15)
     Expected in: /usr/lib/libSystem.B.dylib
    
    Error: processing vignette 'Simple_Example.Rmd' failed with diagnostics:
    pandoc document conversion failed with error 6
    --- failed re-building ‘Simple_Example.Rmd’
    
    --- re-building ‘Skipping.Rmd’ using rmarkdown
    dyld: lazy symbol binding failed: Symbol not found: ____chkstk_darwin
     Referenced from: /usr/local/bin/pandoc (which was built for Mac OS X 10.15)
     Expected in: /usr/lib/libSystem.B.dylib
    
    dyld: Symbol not found: ____chkstk_darwin
     Referenced from: /usr/local/bin/pandoc (which was built for Mac OS X 10.15)
     Expected in: /usr/lib/libSystem.B.dylib
    
    Error: processing vignette 'Skipping.Rmd' failed with diagnostics:
    pandoc document conversion failed with error 6
    --- failed re-building ‘Skipping.Rmd’
    
    SUMMARY: processing the following files failed:
     ‘Custom_Steps.Rmd’ ‘Dummies.Rmd’ ‘Ordering.Rmd’ ‘Roles.Rmd’
     ‘Selecting_Variables.Rmd’ ‘Simple_Example.Rmd’ ‘Skipping.Rmd’
    
    Error: Vignette re-building failed.
    Execution halted
Flavor: r-patched-osx-x86_64