CRAN Package Check Results for Package readtext

Last updated on 2020-04-25 01:53:14 CEST.

Flavor Version Tinstall Tcheck Ttotal Status Flags
r-devel-linux-x86_64-debian-clang 0.76 4.97 61.02 65.99 OK
r-devel-linux-x86_64-debian-gcc 0.76 3.97 47.39 51.36 OK
r-devel-linux-x86_64-fedora-clang 0.76 81.17 NOTE
r-devel-linux-x86_64-fedora-gcc 0.76 81.44 NOTE
r-devel-windows-ix86+x86_64 0.76 27.00 85.00 112.00 OK
r-patched-linux-x86_64 0.76 5.04 58.03 63.07 OK
r-patched-osx-x86_64 0.76 WARN
r-patched-solaris-x86 0.76 141.20 NOTE
r-release-linux-x86_64 0.76 5.11 54.50 59.61 OK
r-release-windows-ix86+x86_64 0.76 19.00 112.00 131.00 OK
r-release-osx-x86_64 0.76 NOTE
r-oldrel-windows-ix86+x86_64 0.76 7.00 78.00 85.00 OK
r-oldrel-osx-x86_64 0.76 NOTE

Check Details

Version: 0.76
Check: data for non-ASCII characters
Result: NOTE
     Note: found 1 marked Latin-1 string
     Note: found 1 marked UTF-8 string
     Note: found 7 strings marked as "bytes"
Flavors: r-devel-linux-x86_64-fedora-clang, r-devel-linux-x86_64-fedora-gcc, r-patched-osx-x86_64, r-patched-solaris-x86, r-release-osx-x86_64, r-oldrel-osx-x86_64

Version: 0.76
Check: re-building of vignette outputs
Result: WARN
    Error(s) in re-building vignettes:
    --- re-building ‘readtext_vignette.Rmd’ using rmarkdown
    Loading required package: quanteda
    Package version: 2.0.1
    Parallel computing: 2 of 6 threads used.
    See https://quanteda.io for tutorials and examples.
    
    Attaching package: 'quanteda'
    
    The following object is masked from 'package:utils':
    
     View
    
    Loading required package: stringi
    dyld: lazy symbol binding failed: Symbol not found: ____chkstk_darwin
     Referenced from: /usr/local/bin/pandoc (which was built for Mac OS X 10.15)
     Expected in: /usr/lib/libSystem.B.dylib
    
    dyld: Symbol not found: ____chkstk_darwin
     Referenced from: /usr/local/bin/pandoc (which was built for Mac OS X 10.15)
     Expected in: /usr/lib/libSystem.B.dylib
    
    Error: processing vignette 'readtext_vignette.Rmd' failed with diagnostics:
    pandoc document conversion failed with error 6
    --- failed re-building ‘readtext_vignette.Rmd’
    
    SUMMARY: processing the following file failed:
     ‘readtext_vignette.Rmd’
    
    Error: Vignette re-building failed.
    Execution halted
Flavor: r-patched-osx-x86_64